{"id":61,"date":"2020-12-02T12:32:02","date_gmt":"2020-12-02T11:32:02","guid":{"rendered":"http:\/\/www.collectifetcie.fr\/?page_id=61"},"modified":"2026-02-24T10:23:35","modified_gmt":"2026-02-24T09:23:35","slug":"accueil","status":"publish","type":"page","link":"https:\/\/www.collectifetcie.fr\/","title":{"rendered":"Nous les accompagnons"},"content":{"rendered":"\n<figure class=\"wp-block-gallery has-nested-images columns-5 is-cropped wp-block-gallery-1 is-layout-flex wp-block-gallery-is-layout-flex\">\n<figure class=\"wp-block-image size-full\"><img loading=\"lazy\" decoding=\"async\" width=\"886\" height=\"886\" data-id=\"6162\" src=\"https:\/\/www.collectifetcie.fr\/wp-content\/uploads\/2025\/12\/carre-site-jaune.ind_.jpg\" alt=\"\" class=\"wp-image-6162\" srcset=\"https:\/\/www.collectifetcie.fr\/wp-content\/uploads\/2025\/12\/carre-site-jaune.ind_.jpg 886w, https:\/\/www.collectifetcie.fr\/wp-content\/uploads\/2025\/12\/carre-site-jaune.ind_-300x300.jpg 300w, https:\/\/www.collectifetcie.fr\/wp-content\/uploads\/2025\/12\/carre-site-jaune.ind_-150x150.jpg 150w, https:\/\/www.collectifetcie.fr\/wp-content\/uploads\/2025\/12\/carre-site-jaune.ind_-768x768.jpg 768w\" sizes=\"auto, (max-width: 886px) 100vw, 886px\" \/><\/figure>\n\n\n\n<figure class=\"wp-block-image size-large\"><img loading=\"lazy\" decoding=\"async\" width=\"800\" height=\"800\" data-id=\"1256\" src=\"https:\/\/www.collectifetcie.fr\/wp-content\/uploads\/2021\/10\/Portrait-Quatre-Ailes-Glitch-recadre\u0301.jpg\" alt=\"\" class=\"wp-image-1256\" srcset=\"https:\/\/www.collectifetcie.fr\/wp-content\/uploads\/2021\/10\/Portrait-Quatre-Ailes-Glitch-recadre\u0301.jpg 800w, https:\/\/www.collectifetcie.fr\/wp-content\/uploads\/2021\/10\/Portrait-Quatre-Ailes-Glitch-recadre\u0301-300x300.jpg 300w, https:\/\/www.collectifetcie.fr\/wp-content\/uploads\/2021\/10\/Portrait-Quatre-Ailes-Glitch-recadre\u0301-150x150.jpg 150w, https:\/\/www.collectifetcie.fr\/wp-content\/uploads\/2021\/10\/Portrait-Quatre-Ailes-Glitch-recadre\u0301-768x768.jpg 768w\" sizes=\"auto, (max-width: 800px) 100vw, 800px\" \/><figcaption class=\"wp-element-caption\"><strong><span class=\"has-inline-color has-white-color\"> <\/span><\/strong><a href=\"https:\/\/www.collectifetcie.fr\/index.php\/les-artistes\/annabelle-brunet-michael-dusautoy-damien-saugeon-collectif-quatre-ailes\/\" data-type=\"page\" data-id=\"696\"><span class=\"has-inline-color has-white-color\"><strong>Annabelle Brunet \u2013 Micha\u00ebl Dusautoy \u2013 Damien Saugeon &gt; Collectif Quatre Ailes<\/strong><\/span><\/a><\/figcaption><\/figure>\n\n\n\n<figure class=\"wp-block-image size-large\"><img loading=\"lazy\" decoding=\"async\" width=\"300\" height=\"290\" data-id=\"446\" src=\"https:\/\/www.collectifetcie.fr\/wp-content\/uploads\/2021\/10\/Photo-LS-1-300x290.jpg\" alt=\"\" class=\"wp-image-446\" srcset=\"https:\/\/www.collectifetcie.fr\/wp-content\/uploads\/2021\/10\/Photo-LS-1-300x290.jpg 300w, https:\/\/www.collectifetcie.fr\/wp-content\/uploads\/2021\/10\/Photo-LS-1-768x742.jpg 768w, https:\/\/www.collectifetcie.fr\/wp-content\/uploads\/2021\/10\/Photo-LS-1.jpg 800w\" sizes=\"auto, (max-width: 300px) 100vw, 300px\" \/><figcaption class=\"wp-element-caption\"><a data-type=\"page\" data-id=\"880\" href=\"https:\/\/www.collectifetcie.fr\/index.php\/les-artistes\/laurent-sauvage-cie-a-lapproche-des-etoiles\/\"><mark style=\"background-color:rgba(0, 0, 0, 0)\" class=\"has-inline-color has-white-color\"><strong>Laurent Sauvage <\/strong><\/mark><\/a><br><a data-type=\"page\" data-id=\"880\" href=\"https:\/\/www.collectifetcie.fr\/index.php\/les-artistes\/laurent-sauvage-cie-a-lapproche-des-etoiles\/\"><mark style=\"background-color:rgba(0, 0, 0, 0)\" class=\"has-inline-color has-white-color\"><strong>&gt; A l&rsquo;approche des \u00e9toiles<\/strong><\/mark><\/a><\/figcaption><\/figure>\n\n\n\n<figure class=\"wp-block-image size-large\"><img loading=\"lazy\" decoding=\"async\" width=\"1024\" height=\"683\" data-id=\"2512\" src=\"https:\/\/www.collectifetcie.fr\/wp-content\/uploads\/2022\/11\/Lauren-et-Ido-\u00a9-Aurelien-Kirchner-light\u2014-Chateauvallon-Liberte-scene-nationale-1024x683.jpg\" alt=\"\" class=\"wp-image-2512\" srcset=\"https:\/\/www.collectifetcie.fr\/wp-content\/uploads\/2022\/11\/Lauren-et-Ido-\u00a9-Aurelien-Kirchner-light\u2014-Chateauvallon-Liberte-scene-nationale-1024x683.jpg 1024w, https:\/\/www.collectifetcie.fr\/wp-content\/uploads\/2022\/11\/Lauren-et-Ido-\u00a9-Aurelien-Kirchner-light\u2014-Chateauvallon-Liberte-scene-nationale-300x200.jpg 300w, https:\/\/www.collectifetcie.fr\/wp-content\/uploads\/2022\/11\/Lauren-et-Ido-\u00a9-Aurelien-Kirchner-light\u2014-Chateauvallon-Liberte-scene-nationale-768x512.jpg 768w, https:\/\/www.collectifetcie.fr\/wp-content\/uploads\/2022\/11\/Lauren-et-Ido-\u00a9-Aurelien-Kirchner-light\u2014-Chateauvallon-Liberte-scene-nationale-1536x1024.jpg 1536w, https:\/\/www.collectifetcie.fr\/wp-content\/uploads\/2022\/11\/Lauren-et-Ido-\u00a9-Aurelien-Kirchner-light\u2014-Chateauvallon-Liberte-scene-nationale-2048x1365.jpg 2048w\" sizes=\"auto, (max-width: 1024px) 100vw, 1024px\" \/><figcaption class=\"wp-element-caption\"><strong><a data-type=\"page\" data-id=\"759\" href=\"https:\/\/www.collectifetcie.fr\/index.php\/les-artistes\/lauren-houda-hussein-ido-shaked-theatre-majaz-2\/\"><span class=\"has-inline-color has-white-color\">Lauren Houda Hussein &amp;<\/span><\/a><\/strong><br><strong><a data-type=\"page\" data-id=\"759\" href=\"https:\/\/www.collectifetcie.fr\/index.php\/les-artistes\/lauren-houda-hussein-ido-shaked-theatre-majaz-2\/\"><span class=\"has-inline-color has-white-color\"> Ido Shaked <\/span><\/a><\/strong><br><strong><a data-type=\"page\" data-id=\"759\" href=\"https:\/\/www.collectifetcie.fr\/index.php\/les-artistes\/lauren-houda-hussein-ido-shaked-theatre-majaz-2\/\"><span class=\"has-inline-color has-white-color\">&gt; Th\u00e9\u00e2tre Maj\u00e2z<\/span><\/a><\/strong><\/figcaption><\/figure>\n\n\n\n<figure class=\"wp-block-image size-large\"><img loading=\"lazy\" decoding=\"async\" width=\"2000\" height=\"2000\" data-id=\"4741\" src=\"https:\/\/www.collectifetcie.fr\/wp-content\/uploads\/2025\/02\/LucieNicolas\u00a9KandidaMuhuriHD-1-edited.jpg\" alt=\"\" class=\"wp-image-4741\" srcset=\"https:\/\/www.collectifetcie.fr\/wp-content\/uploads\/2025\/02\/LucieNicolas\u00a9KandidaMuhuriHD-1-edited.jpg 2000w, https:\/\/www.collectifetcie.fr\/wp-content\/uploads\/2025\/02\/LucieNicolas\u00a9KandidaMuhuriHD-1-edited-300x300.jpg 300w, https:\/\/www.collectifetcie.fr\/wp-content\/uploads\/2025\/02\/LucieNicolas\u00a9KandidaMuhuriHD-1-edited-1024x1024.jpg 1024w, https:\/\/www.collectifetcie.fr\/wp-content\/uploads\/2025\/02\/LucieNicolas\u00a9KandidaMuhuriHD-1-edited-150x150.jpg 150w, https:\/\/www.collectifetcie.fr\/wp-content\/uploads\/2025\/02\/LucieNicolas\u00a9KandidaMuhuriHD-1-edited-768x768.jpg 768w, https:\/\/www.collectifetcie.fr\/wp-content\/uploads\/2025\/02\/LucieNicolas\u00a9KandidaMuhuriHD-1-edited-1536x1536.jpg 1536w\" sizes=\"auto, (max-width: 2000px) 100vw, 2000px\" \/><figcaption class=\"wp-element-caption\"><strong><a href=\"https:\/\/www.collectifetcie.fr\/index.php\/les-artistes\/lucie-nicolas-collectiff71\/\">Lucie Nicolas <\/a><\/strong><br><strong><a href=\"https:\/\/www.collectifetcie.fr\/index.php\/les-artistes\/lucie-nicolas-collectiff71\/\">&gt;collectif F71<\/a><\/strong><\/figcaption><\/figure>\n\n\n\n<figure class=\"wp-block-image size-full\"><img loading=\"lazy\" decoding=\"async\" width=\"762\" height=\"599\" data-id=\"3643\" src=\"https:\/\/www.collectifetcie.fr\/wp-content\/uploads\/2023\/12\/Eddy-Pallaro-1-web-photo-Marie-Pierson-1.jpg\" alt=\"\" class=\"wp-image-3643\" srcset=\"https:\/\/www.collectifetcie.fr\/wp-content\/uploads\/2023\/12\/Eddy-Pallaro-1-web-photo-Marie-Pierson-1.jpg 762w, https:\/\/www.collectifetcie.fr\/wp-content\/uploads\/2023\/12\/Eddy-Pallaro-1-web-photo-Marie-Pierson-1-300x236.jpg 300w\" sizes=\"auto, (max-width: 762px) 100vw, 762px\" \/><figcaption class=\"wp-element-caption\"><a href=\"https:\/\/www.collectifetcie.fr\/index.php\/les-artistes\/eddy-pallaro-latelier-des-fictions\/\"><strong>Eddy Pallaro <\/strong><\/a><br><a href=\"https:\/\/www.collectifetcie.fr\/index.php\/les-artistes\/eddy-pallaro-latelier-des-fictions\/\"><strong>&gt;<\/strong> <strong>L&rsquo;Atelier des fictions<\/strong><\/a><\/figcaption><\/figure>\n\n\n\n<figure class=\"wp-block-image size-full\"><img loading=\"lazy\" decoding=\"async\" width=\"320\" height=\"212\" data-id=\"4419\" src=\"https:\/\/www.collectifetcie.fr\/wp-content\/uploads\/2024\/11\/THERON-ANNE-IPHIGENIE.jpeg\" alt=\"\" class=\"wp-image-4419\" srcset=\"https:\/\/www.collectifetcie.fr\/wp-content\/uploads\/2024\/11\/THERON-ANNE-IPHIGENIE.jpeg 320w, https:\/\/www.collectifetcie.fr\/wp-content\/uploads\/2024\/11\/THERON-ANNE-IPHIGENIE-300x199.jpeg 300w\" sizes=\"auto, (max-width: 320px) 100vw, 320px\" \/><figcaption class=\"wp-element-caption\"><a href=\"https:\/\/www.collectifetcie.fr\/index.php\/les-artistes\/anne-theron-productions-merlin\/\"><strong>Anne Theron <\/strong><\/a><br><a href=\"https:\/\/www.collectifetcie.fr\/index.php\/les-artistes\/anne-theron-productions-merlin\/\">&gt; <strong>Productions Merlin<\/strong><\/a><\/figcaption><\/figure>\n\n\n\n<figure class=\"wp-block-image size-full\"><a href=\"https:\/\/www.collectifetcie.fr\/index.php\/les-artistes\/lisa-pajon-hedi-tillette-de-clermont-tonnerre-theatre-irruptionnel\/\"><img loading=\"lazy\" decoding=\"async\" width=\"354\" height=\"236\" data-id=\"4602\" src=\"https:\/\/www.collectifetcie.fr\/wp-content\/uploads\/2025\/01\/Montage-Lisa-hedi-3.jpg\" alt=\"\" class=\"wp-image-4602\" srcset=\"https:\/\/www.collectifetcie.fr\/wp-content\/uploads\/2025\/01\/Montage-Lisa-hedi-3.jpg 354w, https:\/\/www.collectifetcie.fr\/wp-content\/uploads\/2025\/01\/Montage-Lisa-hedi-3-300x200.jpg 300w\" sizes=\"auto, (max-width: 354px) 100vw, 354px\" \/><\/a><figcaption class=\"wp-element-caption\"><a href=\"https:\/\/www.collectifetcie.fr\/index.php\/les-artistes\/lisa-pajon-hedi-tillette-de-clermont-tonnerre-theatre-irruptionnel\/\"><strong>H\u00e9di Tillette de Clermont Tonnerre &amp; Lisa Pajon &gt; Th\u00e9\u00e2tre Irruptionnel<\/strong><\/a><\/figcaption><\/figure>\n\n\n\n<figure class=\"wp-block-image size-medium\"><img loading=\"lazy\" decoding=\"async\" width=\"300\" height=\"200\" data-id=\"6167\" src=\"https:\/\/www.collectifetcie.fr\/wp-content\/uploads\/2025\/12\/carre-site-bleu.ind_-2-edited-300x200.jpg\" alt=\"\" class=\"wp-image-6167\" srcset=\"https:\/\/www.collectifetcie.fr\/wp-content\/uploads\/2025\/12\/carre-site-bleu.ind_-2-edited-300x200.jpg 300w, https:\/\/www.collectifetcie.fr\/wp-content\/uploads\/2025\/12\/carre-site-bleu.ind_-2-edited-768x512.jpg 768w, https:\/\/www.collectifetcie.fr\/wp-content\/uploads\/2025\/12\/carre-site-bleu.ind_-2-edited.jpg 886w\" sizes=\"auto, (max-width: 300px) 100vw, 300px\" \/><figcaption class=\"wp-element-caption\"><strong><a href=\"https:\/\/www.collectifetcie.fr\/index.php\/nos-reperages\/\">Nos Rep\u00e9rages<\/a><br>les Jeunes Pousses <br><a href=\"https:\/\/www.collectifetcie.fr\/index.php\/nos-reperages\/\">&gt; \u00e0 d\u00e9couvrir<\/a><br><\/strong><br><br><br><\/figcaption><\/figure>\n\n\n\n<figure class=\"wp-block-image size-full\"><img loading=\"lazy\" decoding=\"async\" width=\"886\" height=\"591\" data-id=\"6167\" src=\"https:\/\/www.collectifetcie.fr\/wp-content\/uploads\/2025\/12\/carre-site-bleu.ind_-2-edited.jpg\" alt=\"\" class=\"wp-image-6167\" srcset=\"https:\/\/www.collectifetcie.fr\/wp-content\/uploads\/2025\/12\/carre-site-bleu.ind_-2-edited.jpg 886w, https:\/\/www.collectifetcie.fr\/wp-content\/uploads\/2025\/12\/carre-site-bleu.ind_-2-edited-300x200.jpg 300w, https:\/\/www.collectifetcie.fr\/wp-content\/uploads\/2025\/12\/carre-site-bleu.ind_-2-edited-768x512.jpg 768w\" sizes=\"auto, (max-width: 886px) 100vw, 886px\" \/><figcaption class=\"wp-element-caption\"><strong>Nos accompagnements Saison 25\/26<br><a href=\"https:\/\/www.collectifetcie.fr\/index.php\/accompagnements-25-26\/\">&gt; en savoir +<\/a><br><\/strong><br><br><br><\/figcaption><\/figure>\n<\/figure>\n\n\n\n<div style=\"height:16px\" aria-hidden=\"true\" class=\"wp-block-spacer\"><\/div>\n\n\n\n<ul class=\"wp-block-social-links aligncenter has-large-icon-size is-style-logos-only is-layout-flex wp-block-social-links-is-layout-flex\"><li class=\"wp-social-link wp-social-link-facebook  wp-block-social-link\"><a href=\"https:\/\/www.facebook.com\/collectifetcie\" class=\"wp-block-social-link-anchor\"><svg width=\"24\" height=\"24\" viewBox=\"0 0 24 24\" version=\"1.1\" xmlns=\"http:\/\/www.w3.org\/2000\/svg\" aria-hidden=\"true\" focusable=\"false\"><path d=\"M12 2C6.5 2 2 6.5 2 12c0 5 3.7 9.1 8.4 9.9v-7H7.9V12h2.5V9.8c0-2.5 1.5-3.9 3.8-3.9 1.1 0 2.2.2 2.2.2v2.5h-1.3c-1.2 0-1.6.8-1.6 1.6V12h2.8l-.4 2.9h-2.3v7C18.3 21.1 22 17 22 12c0-5.5-4.5-10-10-10z\"><\/path><\/svg><span class=\"wp-block-social-link-label screen-reader-text\">Facebook<\/span><\/a><\/li>\n\n<li class=\"wp-social-link wp-social-link-instagram  wp-block-social-link\"><a href=\"https:\/\/www.instagram.com\/collectifetcompagnie\/\" class=\"wp-block-social-link-anchor\"><svg width=\"24\" height=\"24\" viewBox=\"0 0 24 24\" version=\"1.1\" xmlns=\"http:\/\/www.w3.org\/2000\/svg\" aria-hidden=\"true\" focusable=\"false\"><path d=\"M12,4.622c2.403,0,2.688,0.009,3.637,0.052c0.877,0.04,1.354,0.187,1.671,0.31c0.42,0.163,0.72,0.358,1.035,0.673 c0.315,0.315,0.51,0.615,0.673,1.035c0.123,0.317,0.27,0.794,0.31,1.671c0.043,0.949,0.052,1.234,0.052,3.637 s-0.009,2.688-0.052,3.637c-0.04,0.877-0.187,1.354-0.31,1.671c-0.163,0.42-0.358,0.72-0.673,1.035 c-0.315,0.315-0.615,0.51-1.035,0.673c-0.317,0.123-0.794,0.27-1.671,0.31c-0.949,0.043-1.233,0.052-3.637,0.052 s-2.688-0.009-3.637-0.052c-0.877-0.04-1.354-0.187-1.671-0.31c-0.42-0.163-0.72-0.358-1.035-0.673 c-0.315-0.315-0.51-0.615-0.673-1.035c-0.123-0.317-0.27-0.794-0.31-1.671C4.631,14.688,4.622,14.403,4.622,12 s0.009-2.688,0.052-3.637c0.04-0.877,0.187-1.354,0.31-1.671c0.163-0.42,0.358-0.72,0.673-1.035 c0.315-0.315,0.615-0.51,1.035-0.673c0.317-0.123,0.794-0.27,1.671-0.31C9.312,4.631,9.597,4.622,12,4.622 M12,3 C9.556,3,9.249,3.01,8.289,3.054C7.331,3.098,6.677,3.25,6.105,3.472C5.513,3.702,5.011,4.01,4.511,4.511 c-0.5,0.5-0.808,1.002-1.038,1.594C3.25,6.677,3.098,7.331,3.054,8.289C3.01,9.249,3,9.556,3,12c0,2.444,0.01,2.751,0.054,3.711 c0.044,0.958,0.196,1.612,0.418,2.185c0.23,0.592,0.538,1.094,1.038,1.594c0.5,0.5,1.002,0.808,1.594,1.038 c0.572,0.222,1.227,0.375,2.185,0.418C9.249,20.99,9.556,21,12,21s2.751-0.01,3.711-0.054c0.958-0.044,1.612-0.196,2.185-0.418 c0.592-0.23,1.094-0.538,1.594-1.038c0.5-0.5,0.808-1.002,1.038-1.594c0.222-0.572,0.375-1.227,0.418-2.185 C20.99,14.751,21,14.444,21,12s-0.01-2.751-0.054-3.711c-0.044-0.958-0.196-1.612-0.418-2.185c-0.23-0.592-0.538-1.094-1.038-1.594 c-0.5-0.5-1.002-0.808-1.594-1.038c-0.572-0.222-1.227-0.375-2.185-0.418C14.751,3.01,14.444,3,12,3L12,3z M12,7.378 c-2.552,0-4.622,2.069-4.622,4.622S9.448,16.622,12,16.622s4.622-2.069,4.622-4.622S14.552,7.378,12,7.378z M12,15 c-1.657,0-3-1.343-3-3s1.343-3,3-3s3,1.343,3,3S13.657,15,12,15z M16.804,6.116c-0.596,0-1.08,0.484-1.08,1.08 s0.484,1.08,1.08,1.08c0.596,0,1.08-0.484,1.08-1.08S17.401,6.116,16.804,6.116z\"><\/path><\/svg><span class=\"wp-block-social-link-label screen-reader-text\">Instagram<\/span><\/a><\/li>\n\n<li class=\"wp-social-link wp-social-link-linkedin  wp-block-social-link\"><a href=\"https:\/\/www.linkedin.com\/company\/collectif-compagnie\" class=\"wp-block-social-link-anchor\"><svg width=\"24\" height=\"24\" viewBox=\"0 0 24 24\" version=\"1.1\" xmlns=\"http:\/\/www.w3.org\/2000\/svg\" aria-hidden=\"true\" focusable=\"false\"><path d=\"M19.7,3H4.3C3.582,3,3,3.582,3,4.3v15.4C3,20.418,3.582,21,4.3,21h15.4c0.718,0,1.3-0.582,1.3-1.3V4.3 C21,3.582,20.418,3,19.7,3z M8.339,18.338H5.667v-8.59h2.672V18.338z M7.004,8.574c-0.857,0-1.549-0.694-1.549-1.548 c0-0.855,0.691-1.548,1.549-1.548c0.854,0,1.547,0.694,1.547,1.548C8.551,7.881,7.858,8.574,7.004,8.574z M18.339,18.338h-2.669 v-4.177c0-0.996-0.017-2.278-1.387-2.278c-1.389,0-1.601,1.086-1.601,2.206v4.249h-2.667v-8.59h2.559v1.174h0.037 c0.356-0.675,1.227-1.387,2.526-1.387c2.703,0,3.203,1.779,3.203,4.092V18.338z\"><\/path><\/svg><span class=\"wp-block-social-link-label screen-reader-text\">LinkedIn<\/span><\/a><\/li><\/ul>\n\n\n\n<div class=\"wp-block-buttons is-layout-flex wp-block-buttons-is-layout-flex\">\n<div class=\"wp-block-button aligncenter is-style-outline is-style-outline--2\"><a class=\"wp-block-button__link has-custom-font-size wp-element-button\" href=\"https:\/\/www.collectifetcie.fr\/index.php\/contact#NL\" style=\"border-radius:100px;font-size:12px\">Abonnement Newsletter<\/a><\/div>\n<\/div>\n","protected":false},"excerpt":{"rendered":"","protected":false},"author":1,"featured_media":0,"parent":0,"menu_order":0,"comment_status":"closed","ping_status":"closed","template":"template-full.php","meta":{"footnotes":""},"class_list":["post-61","page","type-page","status-publish","hentry"],"yoast_head":"<!-- This site is optimized with the Yoast SEO plugin v27.4 - https:\/\/yoast.com\/product\/yoast-seo-wordpress\/ -->\n<title>Nous les accompagnons - collectif et compagnie<\/title>\n<meta name=\"description\" content=\"Avec collectif et compagnie, Estelle Delorme et G\u00e9raldine Morier-Genoud, soutiennent les artistes en production, diffusion et communication\" \/>\n<meta name=\"robots\" content=\"index, follow, max-snippet:-1, max-image-preview:large, max-video-preview:-1\" \/>\n<link rel=\"canonical\" href=\"https:\/\/www.collectifetcie.fr\/\" \/>\n<meta property=\"og:locale\" content=\"fr_FR\" \/>\n<meta property=\"og:type\" content=\"article\" \/>\n<meta property=\"og:title\" content=\"Nous les accompagnons - collectif et compagnie\" \/>\n<meta property=\"og:description\" content=\"Avec collectif et compagnie, Estelle Delorme et G\u00e9raldine Morier-Genoud, soutiennent les artistes en production, diffusion et communication\" \/>\n<meta property=\"og:url\" content=\"https:\/\/www.collectifetcie.fr\/\" \/>\n<meta property=\"og:site_name\" content=\"collectif et compagnie\" \/>\n<meta property=\"article:modified_time\" content=\"2026-02-24T09:23:35+00:00\" \/>\n<meta property=\"og:image\" content=\"https:\/\/www.collectifetcie.fr\/wp-content\/uploads\/2025\/12\/carre-site-jaune.ind_.jpg\" \/>\n\t<meta property=\"og:image:width\" content=\"886\" \/>\n\t<meta property=\"og:image:height\" content=\"886\" \/>\n\t<meta property=\"og:image:type\" content=\"image\/jpeg\" \/>\n<meta name=\"twitter:card\" content=\"summary_large_image\" \/>\n<meta name=\"twitter:label1\" content=\"Dur\u00e9e de lecture estim\u00e9e\" \/>\n\t<meta name=\"twitter:data1\" content=\"2 minutes\" \/>\n<script type=\"application\/ld+json\" class=\"yoast-schema-graph\">{\"@context\":\"https:\\\/\\\/schema.org\",\"@graph\":[{\"@type\":\"WebPage\",\"@id\":\"https:\\\/\\\/www.collectifetcie.fr\\\/\",\"url\":\"https:\\\/\\\/www.collectifetcie.fr\\\/\",\"name\":\"Nous les accompagnons - collectif et compagnie\",\"isPartOf\":{\"@id\":\"https:\\\/\\\/www.collectifetcie.fr\\\/#website\"},\"primaryImageOfPage\":{\"@id\":\"https:\\\/\\\/www.collectifetcie.fr\\\/#primaryimage\"},\"image\":{\"@id\":\"https:\\\/\\\/www.collectifetcie.fr\\\/#primaryimage\"},\"thumbnailUrl\":\"https:\\\/\\\/www.collectifetcie.fr\\\/wp-content\\\/uploads\\\/2025\\\/12\\\/carre-site-jaune.ind_.jpg\",\"datePublished\":\"2020-12-02T11:32:02+00:00\",\"dateModified\":\"2026-02-24T09:23:35+00:00\",\"description\":\"Avec collectif et compagnie, Estelle Delorme et G\u00e9raldine Morier-Genoud, soutiennent les artistes en production, diffusion et communication\",\"breadcrumb\":{\"@id\":\"https:\\\/\\\/www.collectifetcie.fr\\\/#breadcrumb\"},\"inLanguage\":\"fr-FR\",\"potentialAction\":[{\"@type\":\"ReadAction\",\"target\":[\"https:\\\/\\\/www.collectifetcie.fr\\\/\"]}]},{\"@type\":\"ImageObject\",\"inLanguage\":\"fr-FR\",\"@id\":\"https:\\\/\\\/www.collectifetcie.fr\\\/#primaryimage\",\"url\":\"https:\\\/\\\/www.collectifetcie.fr\\\/wp-content\\\/uploads\\\/2025\\\/12\\\/carre-site-jaune.ind_.jpg\",\"contentUrl\":\"https:\\\/\\\/www.collectifetcie.fr\\\/wp-content\\\/uploads\\\/2025\\\/12\\\/carre-site-jaune.ind_.jpg\",\"width\":886,\"height\":886},{\"@type\":\"BreadcrumbList\",\"@id\":\"https:\\\/\\\/www.collectifetcie.fr\\\/#breadcrumb\",\"itemListElement\":[{\"@type\":\"ListItem\",\"position\":1,\"name\":\"Accueil\",\"item\":\"https:\\\/\\\/www.collectifetcie.fr\\\/\"},{\"@type\":\"ListItem\",\"position\":2,\"name\":\"Nous les accompagnons\"}]},{\"@type\":\"WebSite\",\"@id\":\"https:\\\/\\\/www.collectifetcie.fr\\\/#website\",\"url\":\"https:\\\/\\\/www.collectifetcie.fr\\\/\",\"name\":\"collectif et compagnie\",\"description\":\"\",\"publisher\":{\"@id\":\"https:\\\/\\\/www.collectifetcie.fr\\\/#organization\"},\"potentialAction\":[{\"@type\":\"SearchAction\",\"target\":{\"@type\":\"EntryPoint\",\"urlTemplate\":\"https:\\\/\\\/www.collectifetcie.fr\\\/?s={search_term_string}\"},\"query-input\":{\"@type\":\"PropertyValueSpecification\",\"valueRequired\":true,\"valueName\":\"search_term_string\"}}],\"inLanguage\":\"fr-FR\"},{\"@type\":\"Organization\",\"@id\":\"https:\\\/\\\/www.collectifetcie.fr\\\/#organization\",\"name\":\"collectif et compagnie\",\"url\":\"https:\\\/\\\/www.collectifetcie.fr\\\/\",\"logo\":{\"@type\":\"ImageObject\",\"inLanguage\":\"fr-FR\",\"@id\":\"https:\\\/\\\/www.collectifetcie.fr\\\/#\\\/schema\\\/logo\\\/image\\\/\",\"url\":\"https:\\\/\\\/www.collectifetcie.fr\\\/wp-content\\\/uploads\\\/2025\\\/09\\\/cropped-Bandeau-Site-04-09-25-OK.jpg\",\"contentUrl\":\"https:\\\/\\\/www.collectifetcie.fr\\\/wp-content\\\/uploads\\\/2025\\\/09\\\/cropped-Bandeau-Site-04-09-25-OK.jpg\",\"width\":1616,\"height\":234,\"caption\":\"collectif et compagnie\"},\"image\":{\"@id\":\"https:\\\/\\\/www.collectifetcie.fr\\\/#\\\/schema\\\/logo\\\/image\\\/\"}}]}<\/script>\n<!-- \/ Yoast SEO plugin. -->","yoast_head_json":{"title":"Nous les accompagnons - collectif et compagnie","description":"Avec collectif et compagnie, Estelle Delorme et G\u00e9raldine Morier-Genoud, soutiennent les artistes en production, diffusion et communication","robots":{"index":"index","follow":"follow","max-snippet":"max-snippet:-1","max-image-preview":"max-image-preview:large","max-video-preview":"max-video-preview:-1"},"canonical":"https:\/\/www.collectifetcie.fr\/","og_locale":"fr_FR","og_type":"article","og_title":"Nous les accompagnons - collectif et compagnie","og_description":"Avec collectif et compagnie, Estelle Delorme et G\u00e9raldine Morier-Genoud, soutiennent les artistes en production, diffusion et communication","og_url":"https:\/\/www.collectifetcie.fr\/","og_site_name":"collectif et compagnie","article_modified_time":"2026-02-24T09:23:35+00:00","og_image":[{"width":886,"height":886,"url":"https:\/\/www.collectifetcie.fr\/wp-content\/uploads\/2025\/12\/carre-site-jaune.ind_.jpg","type":"image\/jpeg"}],"twitter_card":"summary_large_image","twitter_misc":{"Dur\u00e9e de lecture estim\u00e9e":"2 minutes"},"schema":{"@context":"https:\/\/schema.org","@graph":[{"@type":"WebPage","@id":"https:\/\/www.collectifetcie.fr\/","url":"https:\/\/www.collectifetcie.fr\/","name":"Nous les accompagnons - collectif et compagnie","isPartOf":{"@id":"https:\/\/www.collectifetcie.fr\/#website"},"primaryImageOfPage":{"@id":"https:\/\/www.collectifetcie.fr\/#primaryimage"},"image":{"@id":"https:\/\/www.collectifetcie.fr\/#primaryimage"},"thumbnailUrl":"https:\/\/www.collectifetcie.fr\/wp-content\/uploads\/2025\/12\/carre-site-jaune.ind_.jpg","datePublished":"2020-12-02T11:32:02+00:00","dateModified":"2026-02-24T09:23:35+00:00","description":"Avec collectif et compagnie, Estelle Delorme et G\u00e9raldine Morier-Genoud, soutiennent les artistes en production, diffusion et communication","breadcrumb":{"@id":"https:\/\/www.collectifetcie.fr\/#breadcrumb"},"inLanguage":"fr-FR","potentialAction":[{"@type":"ReadAction","target":["https:\/\/www.collectifetcie.fr\/"]}]},{"@type":"ImageObject","inLanguage":"fr-FR","@id":"https:\/\/www.collectifetcie.fr\/#primaryimage","url":"https:\/\/www.collectifetcie.fr\/wp-content\/uploads\/2025\/12\/carre-site-jaune.ind_.jpg","contentUrl":"https:\/\/www.collectifetcie.fr\/wp-content\/uploads\/2025\/12\/carre-site-jaune.ind_.jpg","width":886,"height":886},{"@type":"BreadcrumbList","@id":"https:\/\/www.collectifetcie.fr\/#breadcrumb","itemListElement":[{"@type":"ListItem","position":1,"name":"Accueil","item":"https:\/\/www.collectifetcie.fr\/"},{"@type":"ListItem","position":2,"name":"Nous les accompagnons"}]},{"@type":"WebSite","@id":"https:\/\/www.collectifetcie.fr\/#website","url":"https:\/\/www.collectifetcie.fr\/","name":"collectif et compagnie","description":"","publisher":{"@id":"https:\/\/www.collectifetcie.fr\/#organization"},"potentialAction":[{"@type":"SearchAction","target":{"@type":"EntryPoint","urlTemplate":"https:\/\/www.collectifetcie.fr\/?s={search_term_string}"},"query-input":{"@type":"PropertyValueSpecification","valueRequired":true,"valueName":"search_term_string"}}],"inLanguage":"fr-FR"},{"@type":"Organization","@id":"https:\/\/www.collectifetcie.fr\/#organization","name":"collectif et compagnie","url":"https:\/\/www.collectifetcie.fr\/","logo":{"@type":"ImageObject","inLanguage":"fr-FR","@id":"https:\/\/www.collectifetcie.fr\/#\/schema\/logo\/image\/","url":"https:\/\/www.collectifetcie.fr\/wp-content\/uploads\/2025\/09\/cropped-Bandeau-Site-04-09-25-OK.jpg","contentUrl":"https:\/\/www.collectifetcie.fr\/wp-content\/uploads\/2025\/09\/cropped-Bandeau-Site-04-09-25-OK.jpg","width":1616,"height":234,"caption":"collectif et compagnie"},"image":{"@id":"https:\/\/www.collectifetcie.fr\/#\/schema\/logo\/image\/"}}]}},"_links":{"self":[{"href":"https:\/\/www.collectifetcie.fr\/index.php\/wp-json\/wp\/v2\/pages\/61","targetHints":{"allow":["GET"]}}],"collection":[{"href":"https:\/\/www.collectifetcie.fr\/index.php\/wp-json\/wp\/v2\/pages"}],"about":[{"href":"https:\/\/www.collectifetcie.fr\/index.php\/wp-json\/wp\/v2\/types\/page"}],"author":[{"embeddable":true,"href":"https:\/\/www.collectifetcie.fr\/index.php\/wp-json\/wp\/v2\/users\/1"}],"replies":[{"embeddable":true,"href":"https:\/\/www.collectifetcie.fr\/index.php\/wp-json\/wp\/v2\/comments?post=61"}],"version-history":[{"count":146,"href":"https:\/\/www.collectifetcie.fr\/index.php\/wp-json\/wp\/v2\/pages\/61\/revisions"}],"predecessor-version":[{"id":6388,"href":"https:\/\/www.collectifetcie.fr\/index.php\/wp-json\/wp\/v2\/pages\/61\/revisions\/6388"}],"wp:attachment":[{"href":"https:\/\/www.collectifetcie.fr\/index.php\/wp-json\/wp\/v2\/media?parent=61"}],"curies":[{"name":"wp","href":"https:\/\/api.w.org\/{rel}","templated":true}]}}