{"id":5332,"date":"2025-08-25T16:54:21","date_gmt":"2025-08-25T14:54:21","guid":{"rendered":"https:\/\/www.collectifetcie.fr\/?page_id=5332"},"modified":"2026-02-03T17:38:29","modified_gmt":"2026-02-03T16:38:29","slug":"leffacement","status":"publish","type":"page","link":"https:\/\/www.collectifetcie.fr\/index.php\/accompagnements-25-26\/leffacement\/","title":{"rendered":"PASCAL TOKATLIAN &#8211; CIE ROBERT TRENTON > L&rsquo;EFFACEMENT"},"content":{"rendered":"\n<div class=\"wp-block-columns is-layout-flex wp-container-core-columns-is-layout-9d6595d7 wp-block-columns-is-layout-flex\">\n<div class=\"wp-block-column is-layout-flow wp-block-column-is-layout-flow\" style=\"flex-basis:33.34%\"><div class=\"wp-block-image\">\n<figure class=\"aligncenter size-large is-resized\"><img loading=\"lazy\" decoding=\"async\" width=\"951\" height=\"1024\" src=\"https:\/\/www.collectifetcie.fr\/wp-content\/uploads\/2025\/07\/3-Effacement-porte-photo-951x1024.png\" alt=\"\" class=\"wp-image-5343\" style=\"width:263px;height:auto\" srcset=\"https:\/\/www.collectifetcie.fr\/wp-content\/uploads\/2025\/07\/3-Effacement-porte-photo-951x1024.png 951w, https:\/\/www.collectifetcie.fr\/wp-content\/uploads\/2025\/07\/3-Effacement-porte-photo-279x300.png 279w, https:\/\/www.collectifetcie.fr\/wp-content\/uploads\/2025\/07\/3-Effacement-porte-photo-768x827.png 768w, https:\/\/www.collectifetcie.fr\/wp-content\/uploads\/2025\/07\/3-Effacement-porte-photo-1426x1536.png 1426w, https:\/\/www.collectifetcie.fr\/wp-content\/uploads\/2025\/07\/3-Effacement-porte-photo.png 1504w\" sizes=\"auto, (max-width: 951px) 100vw, 951px\" \/><\/figure>\n<\/div><\/div>\n\n\n\n<div class=\"wp-block-column is-layout-flow wp-block-column-is-layout-flow\" style=\"flex-basis:33.34%\">\n<figure class=\"wp-block-embed is-type-video is-provider-vimeo wp-block-embed-vimeo wp-embed-aspect-16-9 wp-has-aspect-ratio\"><div class=\"wp-block-embed__wrapper\">\n<iframe loading=\"lazy\" title=\"MASTER TEASER 2\" src=\"https:\/\/player.vimeo.com\/video\/901091189?dnt=1&amp;app_id=122963\" width=\"640\" height=\"360\" frameborder=\"0\" allow=\"autoplay; fullscreen; picture-in-picture; clipboard-write; encrypted-media; web-share\" referrerpolicy=\"strict-origin-when-cross-origin\"><\/iframe>\n<\/div><\/figure>\n<\/div>\n\n\n\n<div class=\"wp-block-column is-layout-flow wp-block-column-is-layout-flow\" style=\"flex-basis:33.33%\"><div class=\"wp-block-image\">\n<figure class=\"aligncenter size-large is-resized\"><img loading=\"lazy\" decoding=\"async\" width=\"830\" height=\"1024\" src=\"https:\/\/www.collectifetcie.fr\/wp-content\/uploads\/2025\/07\/2-Effacement-douche-Photo-830x1024.png\" alt=\"\" class=\"wp-image-5344\" style=\"width:259px;height:auto\" srcset=\"https:\/\/www.collectifetcie.fr\/wp-content\/uploads\/2025\/07\/2-Effacement-douche-Photo-830x1024.png 830w, https:\/\/www.collectifetcie.fr\/wp-content\/uploads\/2025\/07\/2-Effacement-douche-Photo-243x300.png 243w, https:\/\/www.collectifetcie.fr\/wp-content\/uploads\/2025\/07\/2-Effacement-douche-Photo-768x947.png 768w, https:\/\/www.collectifetcie.fr\/wp-content\/uploads\/2025\/07\/2-Effacement-douche-Photo-1246x1536.png 1246w, https:\/\/www.collectifetcie.fr\/wp-content\/uploads\/2025\/07\/2-Effacement-douche-Photo.png 1279w\" sizes=\"auto, (max-width: 830px) 100vw, 830px\" \/><\/figure>\n<\/div><\/div>\n<\/div>\n\n\n\n<p class=\"has-white-color has-text-color has-background has-medium-font-size\" style=\"background-color:#007c89\"><strong>EN  DIFFUSION 2025\/2<\/strong>6<\/p>\n\n\n\n<p style=\"font-size:14px\"><strong><a href=\"https:\/\/www.lilasenscene.com\/\">Lilas en Sc\u00e8nes<\/a> <\/strong>Les Lilas (93)<strong><br>vendredi 28 novembre <\/strong>2025 &#8211; 16h <em>repr\u00e9sentation uniquement pour les professionnels<br><\/em><strong>vendredi 28 novembre <\/strong>2025 &#8211; 20h<strong><br>samedi 29 novembre <\/strong>2025 &#8211; 17h<\/p>\n\n\n\n<p class=\"has-text-align-center has-white-color has-text-color has-background has-medium-font-size\" style=\"background-color:#007c89\"><strong><strong><strong>g\u00e9n\u00e9rique \/ r\u00e9sum\u00e9 \/ dossiers \/ parcours cie<\/strong><\/strong><\/strong><\/p>\n\n\n\n<div class=\"wp-block-columns is-layout-flex wp-container-core-columns-is-layout-9d6595d7 wp-block-columns-is-layout-flex\">\n<div class=\"wp-block-column is-layout-flow wp-block-column-is-layout-flow\">\n<p class=\"has-background\" style=\"background-color:#bfd451;font-size:15px\">texte et mise en sc\u00e8ne<br><strong>Pascal Tokatlian<br><\/strong>collaboration artistique <strong>Michel Quidu<\/strong><br>collaboration et cr\u00e9ation marionnette<br><strong>Einat Landai<\/strong>s<br>lumi\u00e8res<br><strong>Philippe Gladieux<\/strong><br>son et musique<br><strong>Teddy Degouys<\/strong><br>maquillage<br><strong>C\u00e9cile Kretschmar<\/strong><br><br>avec<br><strong>Pascal Tokatlian<\/strong>,<br><strong>Nadine Berland<\/strong><\/p>\n\n\n\n<p class=\"has-small-font-size\"><strong>SAISON 24\/25<\/strong> &gt; <strong>Th\u00e9\u00e2tre de Beaune-<\/strong> Beaune (21) e 9 janvier 2025 au Th\u00e9\u00e2tre de Beaune<br><strong>SAISON 23\/24<\/strong> &gt; <strong>Espace des Arts <\/strong>Sc\u00e8ne Nationale de Chalon-sur-Sa\u00f4ne (71) &#8211; CREATION du 8 au 10 novembre 2023<br><strong>Th\u00e9\u00e2tre d\u02bcAuxerre<\/strong> le 14 Novembre 2023<\/p>\n<\/div>\n\n\n\n<div class=\"wp-block-column is-layout-flow wp-block-column-is-layout-flow\">\n<p style=\"font-size:15px\"><em>Un fils vient d\u2019apprendre la maladie d\u2019Alzheimer dont sa m\u00e8re est atteinte, et revient la voir apr\u00e8s des ann\u00e9es d\u2019absence.<\/em><br>Je ne peux pas parler de <strong>L\u2019<em>Effacement<\/em><\/strong> sans parler de ma premi\u00e8re pi\u00e8ce,&nbsp; <em><strong>Ermen, titre provisoire<\/strong>.<\/em> Un texte autobiographique, un monologue, dont le personnage principal, questionnait ses origines arm\u00e9niennes. Un travail de m\u00e9moire.<br>Avec <strong>L\u2019Effacement<\/strong>, c\u2019est encore une fois de m\u00e9moire dont il s\u2019agit : celle de la m\u00e8re. Une m\u00e9moire qui s\u2019efface puisque la m\u00e8re est atteinte d\u2019une maladie neurod\u00e9g\u00e9n\u00e9rative. S\u2019engage alors pour le fils une course contre le temps, pour dire ce qu\u2019il n\u2019a jamais pu dire \u00e0 la m\u00e8re. Le bon et le mauvais. Qu\u2019il puisse aussi se raconter \u00e0 elle. Lui qui ne lui a jamais rien dit de sa vie. Bien s\u00fbr, \u00e0 la fin, tout cela ne trouvera aucune r\u00e9solution.<br><strong>Pascal Tokatlian<\/strong><\/p>\n<\/div>\n\n\n\n<div class=\"wp-block-column is-layout-flow wp-block-column-is-layout-flow\">\n<p class=\"has-black-color has-text-color has-background has-link-color has-small-font-size wp-elements-603e1782808b2c87d119f06dadebd278\" style=\"background-color:#bfd541\"><strong>Production<\/strong><br>Robert Trenton Cie.<br><strong>Coproduction<\/strong> L\u2019Espace des Arts. Chalon sur Sa\u00f4ne, Le Th\u00e9\u00e2tre Sc\u00e8ne conventionn\u00e9e D\u2019Auxerre.<br><br>Avec le soutien de la DRAC Bourgogne Franche Comt\u00e9 et de Lilas en Sc\u00e8ne<br>Avec l&rsquo;Aide \u00e0 la r\u00e9sidence d\u2019\u00e9criture R\u00e9gion Bourgogne Franche Comt\u00e9 et de l&rsquo;Aide au projet du D\u00e9partement de l\u2019Yonne<\/p>\n\n\n\n<p class=\"has-text-color has-link-color wp-elements-bf6331d78a4bf75f7eaf349855cde1f3\" style=\"color:#007c89\"><strong>DUREE 1H15<\/strong><\/p>\n\n\n\n<p class=\"has-background has-small-font-size\" style=\"background-color:#bfd451\"><span style=\"background-color: rgba(255, 255, 255, 0.2);\"><b>c<\/b><\/span><strong>ontacts <br>&gt; diffusion <br>G\u00e9raldine Morier-Genoud&nbsp;&#8211; 06 20 41 41 25<\/strong><br><strong><a href=\"mailto:geraldine.moriergenoud@collectifetcie.fr\">geraldine.moriergenoud@collectifetcie.fr<\/a><\/strong><\/p>\n<\/div>\n<\/div>\n\n\n\n<div class=\"wp-block-buttons is-horizontal is-content-justification-space-between is-layout-flex wp-container-core-buttons-is-layout-9262d1ff wp-block-buttons-is-layout-flex\">\n<div class=\"wp-block-button is-style-fill\"><a class=\"wp-block-button__link has-white-color has-text-color has-background wp-element-button\" href=\"https:\/\/www.collectifetcie.fr\/wp-content\/uploads\/2025\/10\/dossier-artistique-lEFFACEMENT-Lilas-en-Scene_compressed-1.pdf\" style=\"background-color:#bfd451\"><strong>Dossier de diffusion<\/strong><\/a><\/div>\n<\/div>\n\n\n\n<div style=\"height:32px\" aria-hidden=\"true\" class=\"wp-block-spacer\"><\/div>\n\n\n\n<figure class=\"wp-block-image\"><img loading=\"lazy\" decoding=\"async\" width=\"200\" height=\"167\" src=\"https:\/\/www.collectifetcie.fr\/wp-content\/uploads\/2025\/10\/portrait-Pasacl-recadre-200x167-1.jpg\" alt=\"\" class=\"wp-image-5985\"\/><\/figure>\n\n\n\n<p style=\"font-size:14px\"><strong>Pascal Tokatlian est com\u00e9dien, auteur et metteur en sc\u00e8ne.<\/strong> Issu de la premi\u00e8re promotion (1991\/1994) de l\u2019\u00e9cole du Th\u00e9\u00e2tre National de Bretagne, il est membre fondateur du Th\u00e9\u00e2tre des Lucioles qui s&rsquo;est constitu\u00e9 \u00e0 la sortie de l\u2019\u00e9cole. Au th\u00e9\u00e2tre il a travaill\u00e9 avec Marc Fran\u00e7ois, Didier-Georges Gabily, Matthias Langhoff, Jacques Lassalle, Julie Brochen, Pierre Vincent, Benoit Bradel, Pierre Marie Baudoin, Fr\u00e9d\u00e9rique Loli\u00e9e. Il met en sc\u00e8ne <em><strong>Les femmes, le vin et le tabac <\/strong><\/em>de Paul de Kock, texte parl\u00e9 chant\u00e9 dans le cadre de la r\u00e9sidence du th\u00e9\u00e2tre des Lucioles au TGP de Saint Denis, <em><strong>A qui perd gagne<\/strong><\/em> de Jean Claude Grumberg au CFPTS. Il a cr\u00e9\u00e9 en 2007, au Th\u00e9\u00e2tre de l\u2019Aquarium, <strong><em>Ermen<\/em><\/strong>,<strong><em>titre provisoire,<\/em><\/strong> premier spectacle dont il est \u00e0 la fois l\u2019auteur et l\u2019interpr\u00e8te. Assistant de Julie Brochen et com\u00e9dien sur la cr\u00e9ation de <em><strong>Variations \/ Lagarce,<\/strong><\/em> il a fait partie de l\u2019\u00e9quipe artistique du Th\u00e9\u00e2tre National de Strasbourg.&nbsp;<br>Au cin\u00e9ma il tourne avec Raul Ruiz, Laurence Ferreira Barbosa, Christophe Honor\u00e9,&nbsp;Andrzej \u017bu\u0142awski, Jean Pierre Limosin et Romain Goupil.&nbsp;<br>Pascal Tokatlian cr\u00e9e Robert Trenton Cie en 2013, install\u00e9e en r\u00e9gion Bourgogne, sur le d\u00e9partement de l\u2019Yonne, et c&rsquo;est avec la compagnie qu&rsquo;il monte ses propres textes, ainsi ceux d&rsquo;auteurs contemporains. En 2017\/18, coproduction entre Robert Trenton Cie et le th\u00e9\u00e2tre des Lucioles de Rennes du spectacle, <em><strong>En attente <\/strong><\/em>d\u2019apr\u00e8s deux textes de l&rsquo;auteur italien Antonio Tarantino. C\u2019est \u00e9galement en 2017, que dans le cadre de l\u2019appel \u00e0 projets, culture et sant\u00e9, un atelier avec les r\u00e9sidents du centre pour autistes de Champcevrais, <em>L\u2019Eveil du Scarab\u00e9e,<\/em> s\u2019est tenu tout au long de l\u2019ann\u00e9e. La compagnie r\u00e9alise \u00e9galement des ateliers en milieu scolaire sur le territoire de l\u2019Yonne.&nbsp;<br><strong><a href=\"https:\/\/www.theatrelacite.com\/biennale-2022\/\"><br><\/a><\/strong><\/p>\n","protected":false},"excerpt":{"rendered":"<p>EN DIFFUSION 2025\/26 Lilas en Sc\u00e8nes Les Lilas (93)vendredi 28 novembre 2025 &#8211; 16h repr\u00e9sentation uniquement pour les professionnelsvendredi 28 novembre 2025 &#8211; 20hsamedi 29 novembre 2025 &#8211; 17h g\u00e9n\u00e9rique \/ r\u00e9sum\u00e9 \/ dossiers \/ parcours cie texte et mise en sc\u00e8nePascal Tokatliancollaboration artistique Michel Quiducollaboration et cr\u00e9ation marionnetteEinat Landaislumi\u00e8resPhilippe Gladieuxson et musiqueTeddy DegouysmaquillageC\u00e9cile Kretschmar [&hellip;]<\/p>\n","protected":false},"author":1,"featured_media":0,"parent":6295,"menu_order":1,"comment_status":"closed","ping_status":"closed","template":"template-full.php","meta":{"footnotes":""},"class_list":["post-5332","page","type-page","status-publish","hentry"],"yoast_head":"<!-- This site is optimized with the Yoast SEO plugin v27.5 - https:\/\/yoast.com\/product\/yoast-seo-wordpress\/ -->\n<title>PASCAL TOKATLIAN - CIE ROBERT TRENTON &gt; L&#039;EFFACEMENT - collectif et compagnie<\/title>\n<meta name=\"description\" content=\"Un fils vient d\u2019apprendre la maladie d\u2019Alzheimer dont sa m\u00e8re est atteinte, et revient la voir apr\u00e8s des ann\u00e9es d\u2019absence.\" \/>\n<meta name=\"robots\" content=\"index, follow, max-snippet:-1, max-image-preview:large, max-video-preview:-1\" \/>\n<link rel=\"canonical\" href=\"https:\/\/www.collectifetcie.fr\/index.php\/accompagnements-25-26\/leffacement\/\" \/>\n<meta property=\"og:locale\" content=\"fr_FR\" \/>\n<meta property=\"og:type\" content=\"article\" \/>\n<meta property=\"og:title\" content=\"PASCAL TOKATLIAN - CIE ROBERT TRENTON &gt; L&#039;EFFACEMENT - collectif et compagnie\" \/>\n<meta property=\"og:description\" content=\"Un fils vient d\u2019apprendre la maladie d\u2019Alzheimer dont sa m\u00e8re est atteinte, et revient la voir apr\u00e8s des ann\u00e9es d\u2019absence.\" \/>\n<meta property=\"og:url\" content=\"https:\/\/www.collectifetcie.fr\/index.php\/accompagnements-25-26\/leffacement\/\" \/>\n<meta property=\"og:site_name\" content=\"collectif et compagnie\" \/>\n<meta property=\"article:modified_time\" content=\"2026-02-03T16:38:29+00:00\" \/>\n<meta property=\"og:image\" content=\"https:\/\/www.collectifetcie.fr\/wp-content\/uploads\/2025\/07\/3-Effacement-porte-photo.png\" \/>\n\t<meta property=\"og:image:width\" content=\"1504\" \/>\n\t<meta property=\"og:image:height\" content=\"1620\" \/>\n\t<meta property=\"og:image:type\" content=\"image\/png\" \/>\n<meta name=\"twitter:card\" content=\"summary_large_image\" \/>\n<meta name=\"twitter:label1\" content=\"Dur\u00e9e de lecture estim\u00e9e\" \/>\n\t<meta name=\"twitter:data1\" content=\"4 minutes\" \/>\n<script type=\"application\/ld+json\" class=\"yoast-schema-graph\">{\"@context\":\"https:\\\/\\\/schema.org\",\"@graph\":[{\"@type\":\"WebPage\",\"@id\":\"https:\\\/\\\/www.collectifetcie.fr\\\/index.php\\\/accompagnements-25-26\\\/leffacement\\\/\",\"url\":\"https:\\\/\\\/www.collectifetcie.fr\\\/index.php\\\/accompagnements-25-26\\\/leffacement\\\/\",\"name\":\"PASCAL TOKATLIAN - CIE ROBERT TRENTON > L'EFFACEMENT - collectif et compagnie\",\"isPartOf\":{\"@id\":\"https:\\\/\\\/www.collectifetcie.fr\\\/#website\"},\"primaryImageOfPage\":{\"@id\":\"https:\\\/\\\/www.collectifetcie.fr\\\/index.php\\\/accompagnements-25-26\\\/leffacement\\\/#primaryimage\"},\"image\":{\"@id\":\"https:\\\/\\\/www.collectifetcie.fr\\\/index.php\\\/accompagnements-25-26\\\/leffacement\\\/#primaryimage\"},\"thumbnailUrl\":\"https:\\\/\\\/www.collectifetcie.fr\\\/wp-content\\\/uploads\\\/2025\\\/07\\\/3-Effacement-porte-photo-951x1024.png\",\"datePublished\":\"2025-08-25T14:54:21+00:00\",\"dateModified\":\"2026-02-03T16:38:29+00:00\",\"description\":\"Un fils vient d\u2019apprendre la maladie d\u2019Alzheimer dont sa m\u00e8re est atteinte, et revient la voir apr\u00e8s des ann\u00e9es d\u2019absence.\",\"breadcrumb\":{\"@id\":\"https:\\\/\\\/www.collectifetcie.fr\\\/index.php\\\/accompagnements-25-26\\\/leffacement\\\/#breadcrumb\"},\"inLanguage\":\"fr-FR\",\"potentialAction\":[{\"@type\":\"ReadAction\",\"target\":[\"https:\\\/\\\/www.collectifetcie.fr\\\/index.php\\\/accompagnements-25-26\\\/leffacement\\\/\"]}]},{\"@type\":\"ImageObject\",\"inLanguage\":\"fr-FR\",\"@id\":\"https:\\\/\\\/www.collectifetcie.fr\\\/index.php\\\/accompagnements-25-26\\\/leffacement\\\/#primaryimage\",\"url\":\"https:\\\/\\\/www.collectifetcie.fr\\\/wp-content\\\/uploads\\\/2025\\\/07\\\/3-Effacement-porte-photo.png\",\"contentUrl\":\"https:\\\/\\\/www.collectifetcie.fr\\\/wp-content\\\/uploads\\\/2025\\\/07\\\/3-Effacement-porte-photo.png\",\"width\":1504,\"height\":1620},{\"@type\":\"BreadcrumbList\",\"@id\":\"https:\\\/\\\/www.collectifetcie.fr\\\/index.php\\\/accompagnements-25-26\\\/leffacement\\\/#breadcrumb\",\"itemListElement\":[{\"@type\":\"ListItem\",\"position\":1,\"name\":\"Accueil\",\"item\":\"https:\\\/\\\/www.collectifetcie.fr\\\/\"},{\"@type\":\"ListItem\",\"position\":2,\"name\":\"Nos Accompagnements\",\"item\":\"https:\\\/\\\/www.collectifetcie.fr\\\/index.php\\\/accompagnements-25-26\\\/\"},{\"@type\":\"ListItem\",\"position\":3,\"name\":\"PASCAL TOKATLIAN &#8211; CIE ROBERT TRENTON > L&rsquo;EFFACEMENT\"}]},{\"@type\":\"WebSite\",\"@id\":\"https:\\\/\\\/www.collectifetcie.fr\\\/#website\",\"url\":\"https:\\\/\\\/www.collectifetcie.fr\\\/\",\"name\":\"collectif et compagnie\",\"description\":\"\",\"publisher\":{\"@id\":\"https:\\\/\\\/www.collectifetcie.fr\\\/#organization\"},\"potentialAction\":[{\"@type\":\"SearchAction\",\"target\":{\"@type\":\"EntryPoint\",\"urlTemplate\":\"https:\\\/\\\/www.collectifetcie.fr\\\/?s={search_term_string}\"},\"query-input\":{\"@type\":\"PropertyValueSpecification\",\"valueRequired\":true,\"valueName\":\"search_term_string\"}}],\"inLanguage\":\"fr-FR\"},{\"@type\":\"Organization\",\"@id\":\"https:\\\/\\\/www.collectifetcie.fr\\\/#organization\",\"name\":\"collectif et compagnie\",\"url\":\"https:\\\/\\\/www.collectifetcie.fr\\\/\",\"logo\":{\"@type\":\"ImageObject\",\"inLanguage\":\"fr-FR\",\"@id\":\"https:\\\/\\\/www.collectifetcie.fr\\\/#\\\/schema\\\/logo\\\/image\\\/\",\"url\":\"https:\\\/\\\/www.collectifetcie.fr\\\/wp-content\\\/uploads\\\/2025\\\/09\\\/cropped-Bandeau-Site-04-09-25-OK.jpg\",\"contentUrl\":\"https:\\\/\\\/www.collectifetcie.fr\\\/wp-content\\\/uploads\\\/2025\\\/09\\\/cropped-Bandeau-Site-04-09-25-OK.jpg\",\"width\":1616,\"height\":234,\"caption\":\"collectif et compagnie\"},\"image\":{\"@id\":\"https:\\\/\\\/www.collectifetcie.fr\\\/#\\\/schema\\\/logo\\\/image\\\/\"}}]}<\/script>\n<!-- \/ Yoast SEO plugin. -->","yoast_head_json":{"title":"PASCAL TOKATLIAN - CIE ROBERT TRENTON > L'EFFACEMENT - collectif et compagnie","description":"Un fils vient d\u2019apprendre la maladie d\u2019Alzheimer dont sa m\u00e8re est atteinte, et revient la voir apr\u00e8s des ann\u00e9es d\u2019absence.","robots":{"index":"index","follow":"follow","max-snippet":"max-snippet:-1","max-image-preview":"max-image-preview:large","max-video-preview":"max-video-preview:-1"},"canonical":"https:\/\/www.collectifetcie.fr\/index.php\/accompagnements-25-26\/leffacement\/","og_locale":"fr_FR","og_type":"article","og_title":"PASCAL TOKATLIAN - CIE ROBERT TRENTON > L'EFFACEMENT - collectif et compagnie","og_description":"Un fils vient d\u2019apprendre la maladie d\u2019Alzheimer dont sa m\u00e8re est atteinte, et revient la voir apr\u00e8s des ann\u00e9es d\u2019absence.","og_url":"https:\/\/www.collectifetcie.fr\/index.php\/accompagnements-25-26\/leffacement\/","og_site_name":"collectif et compagnie","article_modified_time":"2026-02-03T16:38:29+00:00","og_image":[{"width":1504,"height":1620,"url":"https:\/\/www.collectifetcie.fr\/wp-content\/uploads\/2025\/07\/3-Effacement-porte-photo.png","type":"image\/png"}],"twitter_card":"summary_large_image","twitter_misc":{"Dur\u00e9e de lecture estim\u00e9e":"4 minutes"},"schema":{"@context":"https:\/\/schema.org","@graph":[{"@type":"WebPage","@id":"https:\/\/www.collectifetcie.fr\/index.php\/accompagnements-25-26\/leffacement\/","url":"https:\/\/www.collectifetcie.fr\/index.php\/accompagnements-25-26\/leffacement\/","name":"PASCAL TOKATLIAN - CIE ROBERT TRENTON > L'EFFACEMENT - collectif et compagnie","isPartOf":{"@id":"https:\/\/www.collectifetcie.fr\/#website"},"primaryImageOfPage":{"@id":"https:\/\/www.collectifetcie.fr\/index.php\/accompagnements-25-26\/leffacement\/#primaryimage"},"image":{"@id":"https:\/\/www.collectifetcie.fr\/index.php\/accompagnements-25-26\/leffacement\/#primaryimage"},"thumbnailUrl":"https:\/\/www.collectifetcie.fr\/wp-content\/uploads\/2025\/07\/3-Effacement-porte-photo-951x1024.png","datePublished":"2025-08-25T14:54:21+00:00","dateModified":"2026-02-03T16:38:29+00:00","description":"Un fils vient d\u2019apprendre la maladie d\u2019Alzheimer dont sa m\u00e8re est atteinte, et revient la voir apr\u00e8s des ann\u00e9es d\u2019absence.","breadcrumb":{"@id":"https:\/\/www.collectifetcie.fr\/index.php\/accompagnements-25-26\/leffacement\/#breadcrumb"},"inLanguage":"fr-FR","potentialAction":[{"@type":"ReadAction","target":["https:\/\/www.collectifetcie.fr\/index.php\/accompagnements-25-26\/leffacement\/"]}]},{"@type":"ImageObject","inLanguage":"fr-FR","@id":"https:\/\/www.collectifetcie.fr\/index.php\/accompagnements-25-26\/leffacement\/#primaryimage","url":"https:\/\/www.collectifetcie.fr\/wp-content\/uploads\/2025\/07\/3-Effacement-porte-photo.png","contentUrl":"https:\/\/www.collectifetcie.fr\/wp-content\/uploads\/2025\/07\/3-Effacement-porte-photo.png","width":1504,"height":1620},{"@type":"BreadcrumbList","@id":"https:\/\/www.collectifetcie.fr\/index.php\/accompagnements-25-26\/leffacement\/#breadcrumb","itemListElement":[{"@type":"ListItem","position":1,"name":"Accueil","item":"https:\/\/www.collectifetcie.fr\/"},{"@type":"ListItem","position":2,"name":"Nos Accompagnements","item":"https:\/\/www.collectifetcie.fr\/index.php\/accompagnements-25-26\/"},{"@type":"ListItem","position":3,"name":"PASCAL TOKATLIAN &#8211; CIE ROBERT TRENTON > L&rsquo;EFFACEMENT"}]},{"@type":"WebSite","@id":"https:\/\/www.collectifetcie.fr\/#website","url":"https:\/\/www.collectifetcie.fr\/","name":"collectif et compagnie","description":"","publisher":{"@id":"https:\/\/www.collectifetcie.fr\/#organization"},"potentialAction":[{"@type":"SearchAction","target":{"@type":"EntryPoint","urlTemplate":"https:\/\/www.collectifetcie.fr\/?s={search_term_string}"},"query-input":{"@type":"PropertyValueSpecification","valueRequired":true,"valueName":"search_term_string"}}],"inLanguage":"fr-FR"},{"@type":"Organization","@id":"https:\/\/www.collectifetcie.fr\/#organization","name":"collectif et compagnie","url":"https:\/\/www.collectifetcie.fr\/","logo":{"@type":"ImageObject","inLanguage":"fr-FR","@id":"https:\/\/www.collectifetcie.fr\/#\/schema\/logo\/image\/","url":"https:\/\/www.collectifetcie.fr\/wp-content\/uploads\/2025\/09\/cropped-Bandeau-Site-04-09-25-OK.jpg","contentUrl":"https:\/\/www.collectifetcie.fr\/wp-content\/uploads\/2025\/09\/cropped-Bandeau-Site-04-09-25-OK.jpg","width":1616,"height":234,"caption":"collectif et compagnie"},"image":{"@id":"https:\/\/www.collectifetcie.fr\/#\/schema\/logo\/image\/"}}]}},"_links":{"self":[{"href":"https:\/\/www.collectifetcie.fr\/index.php\/wp-json\/wp\/v2\/pages\/5332","targetHints":{"allow":["GET"]}}],"collection":[{"href":"https:\/\/www.collectifetcie.fr\/index.php\/wp-json\/wp\/v2\/pages"}],"about":[{"href":"https:\/\/www.collectifetcie.fr\/index.php\/wp-json\/wp\/v2\/types\/page"}],"author":[{"embeddable":true,"href":"https:\/\/www.collectifetcie.fr\/index.php\/wp-json\/wp\/v2\/users\/1"}],"replies":[{"embeddable":true,"href":"https:\/\/www.collectifetcie.fr\/index.php\/wp-json\/wp\/v2\/comments?post=5332"}],"version-history":[{"count":54,"href":"https:\/\/www.collectifetcie.fr\/index.php\/wp-json\/wp\/v2\/pages\/5332\/revisions"}],"predecessor-version":[{"id":6299,"href":"https:\/\/www.collectifetcie.fr\/index.php\/wp-json\/wp\/v2\/pages\/5332\/revisions\/6299"}],"up":[{"embeddable":true,"href":"https:\/\/www.collectifetcie.fr\/index.php\/wp-json\/wp\/v2\/pages\/6295"}],"wp:attachment":[{"href":"https:\/\/www.collectifetcie.fr\/index.php\/wp-json\/wp\/v2\/media?parent=5332"}],"curies":[{"name":"wp","href":"https:\/\/api.w.org\/{rel}","templated":true}]}}