{"id":4937,"date":"2025-03-31T15:57:22","date_gmt":"2025-03-31T13:57:22","guid":{"rendered":"https:\/\/www.collectifetcie.fr\/?page_id=4937"},"modified":"2026-03-27T13:22:05","modified_gmt":"2026-03-27T12:22:05","slug":"un-conte-russe","status":"publish","type":"page","link":"https:\/\/www.collectifetcie.fr\/index.php\/les-artistes\/lisa-pajon-hedi-tillette-de-clermont-tonnerre-theatre-irruptionnel\/un-conte-russe\/","title":{"rendered":"UN CONTE RUSSE"},"content":{"rendered":"\n<div class=\"wp-block-columns is-layout-flex wp-container-core-columns-is-layout-9d6595d7 wp-block-columns-is-layout-flex\">\n<div class=\"wp-block-column is-layout-flow wp-block-column-is-layout-flow\" style=\"flex-basis:33.34%\">\n<div class=\"wp-block-columns is-layout-flex wp-container-core-columns-is-layout-9d6595d7 wp-block-columns-is-layout-flex\">\n<div class=\"wp-block-column is-layout-flow wp-block-column-is-layout-flow\" style=\"flex-basis:100%\">\n<div class=\"wp-block-group\"><div class=\"wp-block-group__inner-container is-layout-flow wp-block-group-is-layout-flow\"><div class=\"wp-block-image\">\n<figure class=\"aligncenter size-full is-resized\"><img loading=\"lazy\" decoding=\"async\" width=\"886\" height=\"591\" src=\"https:\/\/www.collectifetcie.fr\/wp-content\/uploads\/2025\/12\/carre-site-bleu.ind_-2-edited.jpg\" alt=\"\" class=\"wp-image-6167\" style=\"width:256px;height:auto\" srcset=\"https:\/\/www.collectifetcie.fr\/wp-content\/uploads\/2025\/12\/carre-site-bleu.ind_-2-edited.jpg 886w, https:\/\/www.collectifetcie.fr\/wp-content\/uploads\/2025\/12\/carre-site-bleu.ind_-2-edited-300x200.jpg 300w, https:\/\/www.collectifetcie.fr\/wp-content\/uploads\/2025\/12\/carre-site-bleu.ind_-2-edited-768x512.jpg 768w\" sizes=\"auto, (max-width: 886px) 100vw, 886px\" \/><\/figure>\n<\/div><\/div><\/div>\n<\/div>\n<\/div>\n<\/div>\n\n\n\n<div class=\"wp-block-column is-layout-flow wp-block-column-is-layout-flow\" style=\"flex-basis:33.34%\">\n<div class=\"wp-block-columns is-layout-flex wp-container-core-columns-is-layout-9d6595d7 wp-block-columns-is-layout-flex\">\n<div class=\"wp-block-column is-layout-flow wp-block-column-is-layout-flow\" style=\"flex-basis:100%\">\n<figure class=\"wp-block-gallery aligncenter has-nested-images columns-default is-cropped wp-block-gallery-1 is-layout-flex wp-block-gallery-is-layout-flex\">\n<figure class=\"wp-block-image size-full\"><img loading=\"lazy\" decoding=\"async\" width=\"872\" height=\"872\" data-id=\"4949\" src=\"https:\/\/www.collectifetcie.fr\/wp-content\/uploads\/2025\/03\/Visuel-Site-2-edited.png\" alt=\"\" class=\"wp-image-4949\" srcset=\"https:\/\/www.collectifetcie.fr\/wp-content\/uploads\/2025\/03\/Visuel-Site-2-edited.png 872w, https:\/\/www.collectifetcie.fr\/wp-content\/uploads\/2025\/03\/Visuel-Site-2-edited-300x300.png 300w, https:\/\/www.collectifetcie.fr\/wp-content\/uploads\/2025\/03\/Visuel-Site-2-edited-150x150.png 150w, https:\/\/www.collectifetcie.fr\/wp-content\/uploads\/2025\/03\/Visuel-Site-2-edited-768x768.png 768w\" sizes=\"auto, (max-width: 872px) 100vw, 872px\" \/><\/figure>\n<\/figure>\n<\/div>\n<\/div>\n<\/div>\n\n\n\n<div class=\"wp-block-column is-layout-flow wp-block-column-is-layout-flow\" style=\"flex-basis:33.33%\"><div class=\"wp-block-image\">\n<figure class=\"aligncenter size-full is-resized\"><img loading=\"lazy\" decoding=\"async\" width=\"886\" height=\"591\" src=\"https:\/\/www.collectifetcie.fr\/wp-content\/uploads\/2025\/12\/carre-site-bleu.ind_-2-edited.jpg\" alt=\"\" class=\"wp-image-6167\" style=\"width:232px;height:auto\" srcset=\"https:\/\/www.collectifetcie.fr\/wp-content\/uploads\/2025\/12\/carre-site-bleu.ind_-2-edited.jpg 886w, https:\/\/www.collectifetcie.fr\/wp-content\/uploads\/2025\/12\/carre-site-bleu.ind_-2-edited-300x200.jpg 300w, https:\/\/www.collectifetcie.fr\/wp-content\/uploads\/2025\/12\/carre-site-bleu.ind_-2-edited-768x512.jpg 768w\" sizes=\"auto, (max-width: 886px) 100vw, 886px\" \/><\/figure>\n<\/div><\/div>\n<\/div>\n\n\n\n<p class=\"has-text-align-center has-white-color has-text-color has-background has-medium-font-size\" style=\"background-color:#bfd451\"><strong><strong><strong><strong>g\u00e9n\u00e9rique \/ r\u00e9sum\u00e9 \/ dossiers \/ calendrier <\/strong><\/strong><\/strong><\/strong><\/p>\n\n\n\n<div class=\"wp-block-columns is-layout-flex wp-container-core-columns-is-layout-9d6595d7 wp-block-columns-is-layout-flex\">\n<div class=\"wp-block-column is-layout-flow wp-block-column-is-layout-flow\">\n<p class=\"has-background\" id=\"g\u00e9n\u00e9rique\" style=\"background-color:#bfd451;font-size:15px\">Conception <br><strong>Lisa Pajon et H\u00e9di Tillette de Clermont-Tonnerre<\/strong><br>texte et mise en sc\u00e8ne<br><strong>H\u00e9di Tillette de Clermont-Tonnerre <\/strong><br>cr\u00e9ation son <br><strong>Nicolas Delbart<\/strong><br>cr\u00e9ation lumi\u00e8re<br><strong>Anne Vaglio<br><\/strong>cr\u00e9ation vid\u00e9o<br><strong>Christophe Waksmann<br><\/strong>sc\u00e9nographie, costumes, marionnettes <br><strong>Olga Karpinsky&nbsp;<br><\/strong><br>avec<br><strong>Na\u00efm Bakthiar&nbsp;<br>Mireille Herbstmeyer<br>Lisa Pajon<br>Mathieu Genet<br>Julie Pilod<br>Lymia Vitte<\/strong><br>(distribution en cours)<br><\/p>\n\n\n\n<p class=\"has-text-color\" style=\"color:#007c89;font-size:18px\"><strong>En recherche de partenaires<\/strong><\/p>\n\n\n\n<p class=\"has-text-color has-link-color wp-elements-048d8dc7887ad97928d00ae4ee5a3ded\" style=\"color:#007c89\"><strong>LECTURE \u00e0 Th\u00e9\u00e2tre Ouvert<br>vendredi 13 mars 2026 &#8211; 11h00<\/strong><\/p>\n<\/div>\n\n\n\n<div class=\"wp-block-column is-layout-flow wp-block-column-is-layout-flow\">\n<p id=\"r\u00e9sum\u00e9\" style=\"font-size:15px\"><em>Personne ne m&#8217;emp\u00eache de faire du th\u00e9\u00e2tre<\/em><br><em>Personne ne m&#8217;emp\u00eache de ne plus en faire<\/em><br><em>Je suis libre !<\/em><br><br>L&rsquo;histoire de Saul\u00e9.<br>L&rsquo;histoire d&rsquo;une metteuse en sc\u00e8ne d&rsquo;origine lituanienne qui, en 1979, estvictime de la censure sovi\u00e9tique. L&rsquo;histoire d&rsquo;une artiste qui entre en r\u00e9sistance. L&rsquo;histoire d&rsquo;une femme libre qui pendant pr\u00e8s de dix ans, dans sa chambre,r\u00e9p\u00e8te et joue dans un petit th\u00e9\u00e2tre de papier dix pi\u00e8ces qu&rsquo;\u00e0 la chute du murde Berlin en 1989, elle mettra en sc\u00e8ne partout en Europe avant de se suicider en 1999.&nbsp;<br><br>Un choeur de sept interpr\u00e8tes (quatre com\u00e9diennes et trois com\u00e9diens)nous raconte cette histoire \u00e0 la mani\u00e8re d&rsquo;un conte : Il \u00e9tait une fois enRussie, sous la neige, la veille de No\u00ebl&#8230; Le choeur joue tout au long de la repr\u00e9sentation avec les artifices du th\u00e9\u00e2tre, la mise en ab\u00eeme de la troupe du Th\u00e9\u00e2tre Irruptionnel qui joue la troupe de Saul\u00e9 qui r\u00e9p\u00e8te Crime et Ch\u00e2timent. <br><br>Au plateau, un th\u00e9\u00e2tre de papier \u00e0 taille r\u00e9elle avec ses d\u00e9cors et ses personnages qui seront manipul\u00e9s par Saul\u00e9 et un dispositif de mini-cam\u00e9ras qui captureront les s\u00e9quences du th\u00e9\u00e2tre de Papier qui seront alors projet\u00e9es en temps r\u00e9el sur sc\u00e8ne, permettant ainsi \u00e0 tous les spectateur.trice.s de d\u00e9couvrir la magie de ce th\u00e9\u00e2tre marionnettique.&nbsp;<\/p>\n<\/div>\n\n\n\n<div class=\"wp-block-column is-layout-flow wp-block-column-is-layout-flow\">\n<p class=\"has-black-color has-text-color has-background has-small-font-size\" style=\"background-color:#bfd541\">Production Th\u00e9\u00e2tre Irruptionnel<br>Co-production (en cours) Le M\u00e9ta Centre Dramatique National Poitiers<br>Nouvelle-Aquitaine, La Com\u00e9die de Picardie\u2026.<br>Soutien Th\u00e9\u00e2tre d\u2019Auxerre &#8211; Sc\u00e8ne conventionn\u00e9e d\u2019int\u00e9r\u00eat<br>National &#8211; Art et cr\u00e9ation\u2026. (en cours)<br><br>Pour \u00e9crire Un Conte Russe, H\u00e9di Tillette de Clermont-Tonnerre ab\u00e9n\u00e9fici\u00e9 d&rsquo;une r\u00e9sidence d&rsquo;\u00e9criture \u00e0 La Chartreuse-CentreNational des \u00e9critures de spectacle.<br><br>Le Th\u00e9\u00e2tre Irruptionnel est conventionn\u00e9 par la R\u00e9gion Nouvelle-Aquitaine depuis 2019 et soutenu par la DRAC Nouvelle-Aquitaine.<\/p>\n\n\n\n<p class=\"has-black-color has-text-color has-background has-small-font-size\" style=\"background-color:#bfd451\"><strong>Contact <\/strong><br><strong>Adminsitration<br><\/strong>Fanny LAURENT &#8211; 06 99 45 88 76 theatre.irruptionnel.cie@gmail.com<br><br><strong>diffusion<br><\/strong>Estelle Delorme 06 77 13 30 88 &#8211; estelle.delorme@collectifetcie.fr<br>G\u00e9raldine Morier-Genoud <br>06 20 41 41 25<br>geraldine.moriergenoud@collectifetcie.fr<\/p>\n<\/div>\n<\/div>\n\n\n\n<div class=\"wp-block-buttons is-horizontal is-content-justification-space-between is-layout-flex wp-container-core-buttons-is-layout-9262d1ff wp-block-buttons-is-layout-flex\">\n<div class=\"wp-block-button is-style-fill\"><a class=\"wp-block-button__link has-white-color has-text-color has-background wp-element-button\" href=\"https:\/\/www.collectifetcie.fr\/wp-content\/uploads\/2026\/01\/Dossier-artistique-Conte-Russe-1.pdf\" style=\"background-color:#bfd541\">D<strong>ossier de diffusion<\/strong><\/a><\/div>\n<\/div>\n\n\n\n<div style=\"height:11px\" aria-hidden=\"true\" class=\"wp-block-spacer\"><\/div>\n\n\n\n<p style=\"font-size:14px\"><\/p>\n\n\n\n<p><\/p>\n","protected":false},"excerpt":{"rendered":"<p>g\u00e9n\u00e9rique \/ r\u00e9sum\u00e9 \/ dossiers \/ calendrier Conception Lisa Pajon et H\u00e9di Tillette de Clermont-Tonnerretexte et mise en sc\u00e8neH\u00e9di Tillette de Clermont-Tonnerre cr\u00e9ation son Nicolas Delbartcr\u00e9ation lumi\u00e8reAnne Vagliocr\u00e9ation vid\u00e9oChristophe Waksmannsc\u00e9nographie, costumes, marionnettes Olga Karpinsky&nbsp;avecNa\u00efm Bakthiar&nbsp;Mireille HerbstmeyerLisa PajonMathieu GenetJulie PilodLymia Vitte(distribution en cours) En recherche de partenaires LECTURE \u00e0 Th\u00e9\u00e2tre Ouvertvendredi 13 mars 2026 &#8211; 11h00 [&hellip;]<\/p>\n","protected":false},"author":1,"featured_media":0,"parent":4609,"menu_order":1,"comment_status":"closed","ping_status":"closed","template":"template-full.php","meta":{"footnotes":""},"class_list":["post-4937","page","type-page","status-publish","hentry"],"yoast_head":"<!-- This site is optimized with the Yoast SEO plugin v27.5 - https:\/\/yoast.com\/product\/yoast-seo-wordpress\/ -->\n<title>UN CONTE RUSSE - collectif et compagnie<\/title>\n<meta name=\"robots\" content=\"index, follow, max-snippet:-1, max-image-preview:large, max-video-preview:-1\" \/>\n<link rel=\"canonical\" href=\"https:\/\/www.collectifetcie.fr\/index.php\/les-artistes\/lisa-pajon-hedi-tillette-de-clermont-tonnerre-theatre-irruptionnel\/un-conte-russe\/\" \/>\n<meta property=\"og:locale\" content=\"fr_FR\" \/>\n<meta property=\"og:type\" content=\"article\" \/>\n<meta property=\"og:title\" content=\"UN CONTE RUSSE - collectif et compagnie\" \/>\n<meta property=\"og:description\" content=\"g\u00e9n\u00e9rique \/ r\u00e9sum\u00e9 \/ dossiers \/ calendrier Conception Lisa Pajon et H\u00e9di Tillette de Clermont-Tonnerretexte et mise en sc\u00e8neH\u00e9di Tillette de Clermont-Tonnerre cr\u00e9ation son Nicolas Delbartcr\u00e9ation lumi\u00e8reAnne Vagliocr\u00e9ation vid\u00e9oChristophe Waksmannsc\u00e9nographie, costumes, marionnettes Olga Karpinsky&nbsp;avecNa\u00efm Bakthiar&nbsp;Mireille HerbstmeyerLisa PajonMathieu GenetJulie PilodLymia Vitte(distribution en cours) En recherche de partenaires LECTURE \u00e0 Th\u00e9\u00e2tre Ouvertvendredi 13 mars 2026 &#8211; 11h00 [&hellip;]\" \/>\n<meta property=\"og:url\" content=\"https:\/\/www.collectifetcie.fr\/index.php\/les-artistes\/lisa-pajon-hedi-tillette-de-clermont-tonnerre-theatre-irruptionnel\/un-conte-russe\/\" \/>\n<meta property=\"og:site_name\" content=\"collectif et compagnie\" \/>\n<meta property=\"article:modified_time\" content=\"2026-03-27T12:22:05+00:00\" \/>\n<meta property=\"og:image\" content=\"https:\/\/www.collectifetcie.fr\/wp-content\/uploads\/2025\/12\/carre-site-bleu.ind_-2-edited.jpg\" \/>\n\t<meta property=\"og:image:width\" content=\"886\" \/>\n\t<meta property=\"og:image:height\" content=\"591\" \/>\n\t<meta property=\"og:image:type\" content=\"image\/jpeg\" \/>\n<meta name=\"twitter:card\" content=\"summary_large_image\" \/>\n<meta name=\"twitter:label1\" content=\"Dur\u00e9e de lecture estim\u00e9e\" \/>\n\t<meta name=\"twitter:data1\" content=\"3 minutes\" \/>\n<script type=\"application\/ld+json\" class=\"yoast-schema-graph\">{\"@context\":\"https:\\\/\\\/schema.org\",\"@graph\":[{\"@type\":\"WebPage\",\"@id\":\"https:\\\/\\\/www.collectifetcie.fr\\\/index.php\\\/les-artistes\\\/lisa-pajon-hedi-tillette-de-clermont-tonnerre-theatre-irruptionnel\\\/un-conte-russe\\\/\",\"url\":\"https:\\\/\\\/www.collectifetcie.fr\\\/index.php\\\/les-artistes\\\/lisa-pajon-hedi-tillette-de-clermont-tonnerre-theatre-irruptionnel\\\/un-conte-russe\\\/\",\"name\":\"UN CONTE RUSSE - collectif et compagnie\",\"isPartOf\":{\"@id\":\"https:\\\/\\\/www.collectifetcie.fr\\\/#website\"},\"primaryImageOfPage\":{\"@id\":\"https:\\\/\\\/www.collectifetcie.fr\\\/index.php\\\/les-artistes\\\/lisa-pajon-hedi-tillette-de-clermont-tonnerre-theatre-irruptionnel\\\/un-conte-russe\\\/#primaryimage\"},\"image\":{\"@id\":\"https:\\\/\\\/www.collectifetcie.fr\\\/index.php\\\/les-artistes\\\/lisa-pajon-hedi-tillette-de-clermont-tonnerre-theatre-irruptionnel\\\/un-conte-russe\\\/#primaryimage\"},\"thumbnailUrl\":\"https:\\\/\\\/www.collectifetcie.fr\\\/wp-content\\\/uploads\\\/2025\\\/12\\\/carre-site-bleu.ind_-2-edited.jpg\",\"datePublished\":\"2025-03-31T13:57:22+00:00\",\"dateModified\":\"2026-03-27T12:22:05+00:00\",\"breadcrumb\":{\"@id\":\"https:\\\/\\\/www.collectifetcie.fr\\\/index.php\\\/les-artistes\\\/lisa-pajon-hedi-tillette-de-clermont-tonnerre-theatre-irruptionnel\\\/un-conte-russe\\\/#breadcrumb\"},\"inLanguage\":\"fr-FR\",\"potentialAction\":[{\"@type\":\"ReadAction\",\"target\":[\"https:\\\/\\\/www.collectifetcie.fr\\\/index.php\\\/les-artistes\\\/lisa-pajon-hedi-tillette-de-clermont-tonnerre-theatre-irruptionnel\\\/un-conte-russe\\\/\"]}]},{\"@type\":\"ImageObject\",\"inLanguage\":\"fr-FR\",\"@id\":\"https:\\\/\\\/www.collectifetcie.fr\\\/index.php\\\/les-artistes\\\/lisa-pajon-hedi-tillette-de-clermont-tonnerre-theatre-irruptionnel\\\/un-conte-russe\\\/#primaryimage\",\"url\":\"https:\\\/\\\/www.collectifetcie.fr\\\/wp-content\\\/uploads\\\/2025\\\/12\\\/carre-site-bleu.ind_-2-edited.jpg\",\"contentUrl\":\"https:\\\/\\\/www.collectifetcie.fr\\\/wp-content\\\/uploads\\\/2025\\\/12\\\/carre-site-bleu.ind_-2-edited.jpg\",\"width\":886,\"height\":591},{\"@type\":\"BreadcrumbList\",\"@id\":\"https:\\\/\\\/www.collectifetcie.fr\\\/index.php\\\/les-artistes\\\/lisa-pajon-hedi-tillette-de-clermont-tonnerre-theatre-irruptionnel\\\/un-conte-russe\\\/#breadcrumb\",\"itemListElement\":[{\"@type\":\"ListItem\",\"position\":1,\"name\":\"Accueil\",\"item\":\"https:\\\/\\\/www.collectifetcie.fr\\\/\"},{\"@type\":\"ListItem\",\"position\":2,\"name\":\"Artistes et compagnies\",\"item\":\"https:\\\/\\\/www.collectifetcie.fr\\\/index.php\\\/les-artistes\\\/\"},{\"@type\":\"ListItem\",\"position\":3,\"name\":\"Lisa Pajon &amp; H\u00e9di Tillette de Clermont-Tonnerre > Th\u00e9\u00e2tre Irruptionnel\",\"item\":\"https:\\\/\\\/www.collectifetcie.fr\\\/index.php\\\/les-artistes\\\/lisa-pajon-hedi-tillette-de-clermont-tonnerre-theatre-irruptionnel\\\/\"},{\"@type\":\"ListItem\",\"position\":4,\"name\":\"UN CONTE RUSSE\"}]},{\"@type\":\"WebSite\",\"@id\":\"https:\\\/\\\/www.collectifetcie.fr\\\/#website\",\"url\":\"https:\\\/\\\/www.collectifetcie.fr\\\/\",\"name\":\"collectif et compagnie\",\"description\":\"\",\"publisher\":{\"@id\":\"https:\\\/\\\/www.collectifetcie.fr\\\/#organization\"},\"potentialAction\":[{\"@type\":\"SearchAction\",\"target\":{\"@type\":\"EntryPoint\",\"urlTemplate\":\"https:\\\/\\\/www.collectifetcie.fr\\\/?s={search_term_string}\"},\"query-input\":{\"@type\":\"PropertyValueSpecification\",\"valueRequired\":true,\"valueName\":\"search_term_string\"}}],\"inLanguage\":\"fr-FR\"},{\"@type\":\"Organization\",\"@id\":\"https:\\\/\\\/www.collectifetcie.fr\\\/#organization\",\"name\":\"collectif et compagnie\",\"url\":\"https:\\\/\\\/www.collectifetcie.fr\\\/\",\"logo\":{\"@type\":\"ImageObject\",\"inLanguage\":\"fr-FR\",\"@id\":\"https:\\\/\\\/www.collectifetcie.fr\\\/#\\\/schema\\\/logo\\\/image\\\/\",\"url\":\"https:\\\/\\\/www.collectifetcie.fr\\\/wp-content\\\/uploads\\\/2025\\\/09\\\/cropped-Bandeau-Site-04-09-25-OK.jpg\",\"contentUrl\":\"https:\\\/\\\/www.collectifetcie.fr\\\/wp-content\\\/uploads\\\/2025\\\/09\\\/cropped-Bandeau-Site-04-09-25-OK.jpg\",\"width\":1616,\"height\":234,\"caption\":\"collectif et compagnie\"},\"image\":{\"@id\":\"https:\\\/\\\/www.collectifetcie.fr\\\/#\\\/schema\\\/logo\\\/image\\\/\"}}]}<\/script>\n<!-- \/ Yoast SEO plugin. -->","yoast_head_json":{"title":"UN CONTE RUSSE - collectif et compagnie","robots":{"index":"index","follow":"follow","max-snippet":"max-snippet:-1","max-image-preview":"max-image-preview:large","max-video-preview":"max-video-preview:-1"},"canonical":"https:\/\/www.collectifetcie.fr\/index.php\/les-artistes\/lisa-pajon-hedi-tillette-de-clermont-tonnerre-theatre-irruptionnel\/un-conte-russe\/","og_locale":"fr_FR","og_type":"article","og_title":"UN CONTE RUSSE - collectif et compagnie","og_description":"g\u00e9n\u00e9rique \/ r\u00e9sum\u00e9 \/ dossiers \/ calendrier Conception Lisa Pajon et H\u00e9di Tillette de Clermont-Tonnerretexte et mise en sc\u00e8neH\u00e9di Tillette de Clermont-Tonnerre cr\u00e9ation son Nicolas Delbartcr\u00e9ation lumi\u00e8reAnne Vagliocr\u00e9ation vid\u00e9oChristophe Waksmannsc\u00e9nographie, costumes, marionnettes Olga Karpinsky&nbsp;avecNa\u00efm Bakthiar&nbsp;Mireille HerbstmeyerLisa PajonMathieu GenetJulie PilodLymia Vitte(distribution en cours) En recherche de partenaires LECTURE \u00e0 Th\u00e9\u00e2tre Ouvertvendredi 13 mars 2026 &#8211; 11h00 [&hellip;]","og_url":"https:\/\/www.collectifetcie.fr\/index.php\/les-artistes\/lisa-pajon-hedi-tillette-de-clermont-tonnerre-theatre-irruptionnel\/un-conte-russe\/","og_site_name":"collectif et compagnie","article_modified_time":"2026-03-27T12:22:05+00:00","og_image":[{"width":886,"height":591,"url":"https:\/\/www.collectifetcie.fr\/wp-content\/uploads\/2025\/12\/carre-site-bleu.ind_-2-edited.jpg","type":"image\/jpeg"}],"twitter_card":"summary_large_image","twitter_misc":{"Dur\u00e9e de lecture estim\u00e9e":"3 minutes"},"schema":{"@context":"https:\/\/schema.org","@graph":[{"@type":"WebPage","@id":"https:\/\/www.collectifetcie.fr\/index.php\/les-artistes\/lisa-pajon-hedi-tillette-de-clermont-tonnerre-theatre-irruptionnel\/un-conte-russe\/","url":"https:\/\/www.collectifetcie.fr\/index.php\/les-artistes\/lisa-pajon-hedi-tillette-de-clermont-tonnerre-theatre-irruptionnel\/un-conte-russe\/","name":"UN CONTE RUSSE - collectif et compagnie","isPartOf":{"@id":"https:\/\/www.collectifetcie.fr\/#website"},"primaryImageOfPage":{"@id":"https:\/\/www.collectifetcie.fr\/index.php\/les-artistes\/lisa-pajon-hedi-tillette-de-clermont-tonnerre-theatre-irruptionnel\/un-conte-russe\/#primaryimage"},"image":{"@id":"https:\/\/www.collectifetcie.fr\/index.php\/les-artistes\/lisa-pajon-hedi-tillette-de-clermont-tonnerre-theatre-irruptionnel\/un-conte-russe\/#primaryimage"},"thumbnailUrl":"https:\/\/www.collectifetcie.fr\/wp-content\/uploads\/2025\/12\/carre-site-bleu.ind_-2-edited.jpg","datePublished":"2025-03-31T13:57:22+00:00","dateModified":"2026-03-27T12:22:05+00:00","breadcrumb":{"@id":"https:\/\/www.collectifetcie.fr\/index.php\/les-artistes\/lisa-pajon-hedi-tillette-de-clermont-tonnerre-theatre-irruptionnel\/un-conte-russe\/#breadcrumb"},"inLanguage":"fr-FR","potentialAction":[{"@type":"ReadAction","target":["https:\/\/www.collectifetcie.fr\/index.php\/les-artistes\/lisa-pajon-hedi-tillette-de-clermont-tonnerre-theatre-irruptionnel\/un-conte-russe\/"]}]},{"@type":"ImageObject","inLanguage":"fr-FR","@id":"https:\/\/www.collectifetcie.fr\/index.php\/les-artistes\/lisa-pajon-hedi-tillette-de-clermont-tonnerre-theatre-irruptionnel\/un-conte-russe\/#primaryimage","url":"https:\/\/www.collectifetcie.fr\/wp-content\/uploads\/2025\/12\/carre-site-bleu.ind_-2-edited.jpg","contentUrl":"https:\/\/www.collectifetcie.fr\/wp-content\/uploads\/2025\/12\/carre-site-bleu.ind_-2-edited.jpg","width":886,"height":591},{"@type":"BreadcrumbList","@id":"https:\/\/www.collectifetcie.fr\/index.php\/les-artistes\/lisa-pajon-hedi-tillette-de-clermont-tonnerre-theatre-irruptionnel\/un-conte-russe\/#breadcrumb","itemListElement":[{"@type":"ListItem","position":1,"name":"Accueil","item":"https:\/\/www.collectifetcie.fr\/"},{"@type":"ListItem","position":2,"name":"Artistes et compagnies","item":"https:\/\/www.collectifetcie.fr\/index.php\/les-artistes\/"},{"@type":"ListItem","position":3,"name":"Lisa Pajon &amp; H\u00e9di Tillette de Clermont-Tonnerre > Th\u00e9\u00e2tre Irruptionnel","item":"https:\/\/www.collectifetcie.fr\/index.php\/les-artistes\/lisa-pajon-hedi-tillette-de-clermont-tonnerre-theatre-irruptionnel\/"},{"@type":"ListItem","position":4,"name":"UN CONTE RUSSE"}]},{"@type":"WebSite","@id":"https:\/\/www.collectifetcie.fr\/#website","url":"https:\/\/www.collectifetcie.fr\/","name":"collectif et compagnie","description":"","publisher":{"@id":"https:\/\/www.collectifetcie.fr\/#organization"},"potentialAction":[{"@type":"SearchAction","target":{"@type":"EntryPoint","urlTemplate":"https:\/\/www.collectifetcie.fr\/?s={search_term_string}"},"query-input":{"@type":"PropertyValueSpecification","valueRequired":true,"valueName":"search_term_string"}}],"inLanguage":"fr-FR"},{"@type":"Organization","@id":"https:\/\/www.collectifetcie.fr\/#organization","name":"collectif et compagnie","url":"https:\/\/www.collectifetcie.fr\/","logo":{"@type":"ImageObject","inLanguage":"fr-FR","@id":"https:\/\/www.collectifetcie.fr\/#\/schema\/logo\/image\/","url":"https:\/\/www.collectifetcie.fr\/wp-content\/uploads\/2025\/09\/cropped-Bandeau-Site-04-09-25-OK.jpg","contentUrl":"https:\/\/www.collectifetcie.fr\/wp-content\/uploads\/2025\/09\/cropped-Bandeau-Site-04-09-25-OK.jpg","width":1616,"height":234,"caption":"collectif et compagnie"},"image":{"@id":"https:\/\/www.collectifetcie.fr\/#\/schema\/logo\/image\/"}}]}},"_links":{"self":[{"href":"https:\/\/www.collectifetcie.fr\/index.php\/wp-json\/wp\/v2\/pages\/4937","targetHints":{"allow":["GET"]}}],"collection":[{"href":"https:\/\/www.collectifetcie.fr\/index.php\/wp-json\/wp\/v2\/pages"}],"about":[{"href":"https:\/\/www.collectifetcie.fr\/index.php\/wp-json\/wp\/v2\/types\/page"}],"author":[{"embeddable":true,"href":"https:\/\/www.collectifetcie.fr\/index.php\/wp-json\/wp\/v2\/users\/1"}],"replies":[{"embeddable":true,"href":"https:\/\/www.collectifetcie.fr\/index.php\/wp-json\/wp\/v2\/comments?post=4937"}],"version-history":[{"count":20,"href":"https:\/\/www.collectifetcie.fr\/index.php\/wp-json\/wp\/v2\/pages\/4937\/revisions"}],"predecessor-version":[{"id":6471,"href":"https:\/\/www.collectifetcie.fr\/index.php\/wp-json\/wp\/v2\/pages\/4937\/revisions\/6471"}],"up":[{"embeddable":true,"href":"https:\/\/www.collectifetcie.fr\/index.php\/wp-json\/wp\/v2\/pages\/4609"}],"wp:attachment":[{"href":"https:\/\/www.collectifetcie.fr\/index.php\/wp-json\/wp\/v2\/media?parent=4937"}],"curies":[{"name":"wp","href":"https:\/\/api.w.org\/{rel}","templated":true}]}}