{"id":46,"date":"2020-12-02T12:21:49","date_gmt":"2020-12-02T11:21:49","guid":{"rendered":"http:\/\/www.collectifetcie.fr\/?page_id=46"},"modified":"2026-01-12T18:17:56","modified_gmt":"2026-01-12T17:17:56","slug":"qui-sommes-nous","status":"publish","type":"page","link":"https:\/\/www.collectifetcie.fr\/index.php\/qui-sommes-nous\/","title":{"rendered":"Qui sommes nous?"},"content":{"rendered":"\n<p><\/p>\n\n\n\n<p><\/p>\n\n\n\n<p class=\"has-medium-font-size\">Structure d\u00e9di\u00e9e \u00e0 l&rsquo;accompagnement de projets artistiques, <strong>collectif&amp;compagnie<\/strong> soutient la singularit\u00e9 de chaque artiste en production, diffusion et communication et les conseille \u00e9galement pour d\u00e9velopper leurs activit\u00e9s artistiques et rechercher de nouveaux partenaires.<\/p>\n\n\n\n<p class=\"has-medium-font-size\"><\/p>\n\n\n\n<div class=\"wp-block-group\"><div class=\"wp-block-group__inner-container is-layout-flow wp-block-group-is-layout-flow\">\n<p><\/p>\n\n\n\n<p class=\"has-dark-gray-color has-text-color has-medium-font-size\"><strong>Marion Lorius &gt; <\/strong>pr\u00e9sidente&nbsp;<br><strong>Mathieu Rollet<\/strong> &gt; tr\u00e9sorier<br><\/p>\n\n\n\n<p class=\"has-dark-gray-color has-text-color has-medium-font-size\"><strong>Estelle Delorme<\/strong>&nbsp;&gt; co-directrice \/ Production &amp; Diffusion<br>+ 33 (o)6 77 13 30 88&nbsp;<br><strong>&gt;&nbsp;<a href=\"mailto:estelle.delorme@collectifetcie.fr\">estelle.del<\/a><a href=\"mailto:estelle.delorme@collectifetcie.fr\" target=\"_blank\" rel=\"noreferrer noopener\">orme@collectifetcie.fr&nbsp;<\/a><\/strong><br><br><strong>G\u00e9raldine Morier-Genoud<\/strong>&nbsp;&gt; co-directrice \/ Diffusion &amp; Communication<br>+ 33 (o)6 20 41 41 25 <br><strong>&gt;<\/strong> <a href=\"mailto:geraldine.moriergenoud@collectifetcie.fr\" target=\"_blank\" rel=\"noreferrer noopener\"><strong>geraldine.moriergenoud@collectifetcie.fr<\/strong><\/a><\/p>\n<\/div><\/div>\n\n\n\n<p><\/p>\n\n\n\n<p style=\"font-size:25px\"><br><strong>Nos pr\u00e9c\u00e9dentes collaborations<\/strong> &gt;<\/p>\n\n\n\n<p class=\"has-medium-font-size\">Accompagnement en diffusion<br><strong>Magali Montoya <\/strong>&#8211; <a href=\"https:\/\/lesolsticedhiver.com\/magali-montoya\/\">LE SOLTICE D&rsquo;HIVER<\/a><br><br>Accompagnement en diffusion<br><strong>Alexandra Cismondi <\/strong>&#8211; <a href=\"https:\/\/www.vertigescie.com\/\">VERTIGES<\/a><br><br>Accompagnement en administration, production et diffusion <br><strong>L\u00e9lio Plotton<\/strong> et <strong>Lola Molina<\/strong> &#8211; <a href=\"https:\/\/compagnielela.fr\/\">COMPAGNIE LELA <\/a><\/p>\n\n\n\n<p class=\"has-medium-font-size\">Accompagnement en diffusion<br><strong>Jean Boillot<\/strong> &#8211; <a href=\"https:\/\/laspirale-jeanboillot.com\/\">COMPAGNIE LA SPIRALE<\/a><br><br>Accompagnement en production et diffusion <br><strong>Daniela Labb\u00e9 Cabrera<\/strong> et <strong>Constance Arrizoli <\/strong>&#8211; collectif <a href=\"https:\/\/www.iamabirdnow.com\/en-quete-de-notre-enfance\">I AM A BIRD NOW<\/a><\/p>\n\n\n\n<p class=\"has-medium-font-size\">Accompagnement en diffusion <br><strong>Emilie Anna Maillet<\/strong> &#8211; <a href=\"https:\/\/www.exvotoalalune.com\/\">EX VOTO A LA LUNE<\/a><\/p>\n\n\n\n<p class=\"has-medium-font-size\">Accompagnement en diffusion<br><strong>Christine Letailleur<\/strong> &#8211; <a href=\"http:\/\/www.fabriktheatre.com\/\">FABRIK THEATRE<\/a><br><\/p>\n","protected":false},"excerpt":{"rendered":"<p>Structure d\u00e9di\u00e9e \u00e0 l&rsquo;accompagnement de projets artistiques, collectif&amp;compagnie soutient la singularit\u00e9 de chaque artiste en production, diffusion et communication et les conseille \u00e9galement pour d\u00e9velopper leurs activit\u00e9s artistiques et rechercher de nouveaux partenaires. Marion Lorius &gt; pr\u00e9sidente&nbsp;Mathieu Rollet &gt; tr\u00e9sorier Estelle Delorme&nbsp;&gt; co-directrice \/ Production &amp; Diffusion+ 33 (o)6 77 13 30 88&nbsp;&gt;&nbsp;estelle.delorme@collectifetcie.fr&nbsp; G\u00e9raldine Morier-Genoud&nbsp;&gt; [&hellip;]<\/p>\n","protected":false},"author":1,"featured_media":0,"parent":0,"menu_order":0,"comment_status":"closed","ping_status":"closed","template":"template-full.php","meta":{"footnotes":""},"class_list":["post-46","page","type-page","status-publish","hentry"],"yoast_head":"<!-- This site is optimized with the Yoast SEO plugin v27.4 - https:\/\/yoast.com\/product\/yoast-seo-wordpress\/ -->\n<title>Qui sommes nous? - collectif et compagnie<\/title>\n<meta name=\"robots\" content=\"index, follow, max-snippet:-1, max-image-preview:large, max-video-preview:-1\" \/>\n<link rel=\"canonical\" href=\"https:\/\/www.collectifetcie.fr\/index.php\/qui-sommes-nous\/\" \/>\n<meta property=\"og:locale\" content=\"fr_FR\" \/>\n<meta property=\"og:type\" content=\"article\" \/>\n<meta property=\"og:title\" content=\"Qui sommes nous? - collectif et compagnie\" \/>\n<meta property=\"og:description\" content=\"Structure d\u00e9di\u00e9e \u00e0 l&rsquo;accompagnement de projets artistiques, collectif&amp;compagnie soutient la singularit\u00e9 de chaque artiste en production, diffusion et communication et les conseille \u00e9galement pour d\u00e9velopper leurs activit\u00e9s artistiques et rechercher de nouveaux partenaires. Marion Lorius &gt; pr\u00e9sidente&nbsp;Mathieu Rollet &gt; tr\u00e9sorier Estelle Delorme&nbsp;&gt; co-directrice \/ Production &amp; Diffusion+ 33 (o)6 77 13 30 88&nbsp;&gt;&nbsp;estelle.delorme@collectifetcie.fr&nbsp; G\u00e9raldine Morier-Genoud&nbsp;&gt; [&hellip;]\" \/>\n<meta property=\"og:url\" content=\"https:\/\/www.collectifetcie.fr\/index.php\/qui-sommes-nous\/\" \/>\n<meta property=\"og:site_name\" content=\"collectif et compagnie\" \/>\n<meta property=\"article:modified_time\" content=\"2026-01-12T17:17:56+00:00\" \/>\n<meta name=\"twitter:card\" content=\"summary_large_image\" \/>\n<meta name=\"twitter:label1\" content=\"Dur\u00e9e de lecture estim\u00e9e\" \/>\n\t<meta name=\"twitter:data1\" content=\"1 minute\" \/>\n<script type=\"application\/ld+json\" class=\"yoast-schema-graph\">{\"@context\":\"https:\\\/\\\/schema.org\",\"@graph\":[{\"@type\":\"WebPage\",\"@id\":\"https:\\\/\\\/www.collectifetcie.fr\\\/index.php\\\/qui-sommes-nous\\\/\",\"url\":\"https:\\\/\\\/www.collectifetcie.fr\\\/index.php\\\/qui-sommes-nous\\\/\",\"name\":\"Qui sommes nous? - collectif et compagnie\",\"isPartOf\":{\"@id\":\"https:\\\/\\\/www.collectifetcie.fr\\\/#website\"},\"datePublished\":\"2020-12-02T11:21:49+00:00\",\"dateModified\":\"2026-01-12T17:17:56+00:00\",\"breadcrumb\":{\"@id\":\"https:\\\/\\\/www.collectifetcie.fr\\\/index.php\\\/qui-sommes-nous\\\/#breadcrumb\"},\"inLanguage\":\"fr-FR\",\"potentialAction\":[{\"@type\":\"ReadAction\",\"target\":[\"https:\\\/\\\/www.collectifetcie.fr\\\/index.php\\\/qui-sommes-nous\\\/\"]}]},{\"@type\":\"BreadcrumbList\",\"@id\":\"https:\\\/\\\/www.collectifetcie.fr\\\/index.php\\\/qui-sommes-nous\\\/#breadcrumb\",\"itemListElement\":[{\"@type\":\"ListItem\",\"position\":1,\"name\":\"Accueil\",\"item\":\"https:\\\/\\\/www.collectifetcie.fr\\\/\"},{\"@type\":\"ListItem\",\"position\":2,\"name\":\"Qui sommes nous?\"}]},{\"@type\":\"WebSite\",\"@id\":\"https:\\\/\\\/www.collectifetcie.fr\\\/#website\",\"url\":\"https:\\\/\\\/www.collectifetcie.fr\\\/\",\"name\":\"collectif et compagnie\",\"description\":\"\",\"publisher\":{\"@id\":\"https:\\\/\\\/www.collectifetcie.fr\\\/#organization\"},\"potentialAction\":[{\"@type\":\"SearchAction\",\"target\":{\"@type\":\"EntryPoint\",\"urlTemplate\":\"https:\\\/\\\/www.collectifetcie.fr\\\/?s={search_term_string}\"},\"query-input\":{\"@type\":\"PropertyValueSpecification\",\"valueRequired\":true,\"valueName\":\"search_term_string\"}}],\"inLanguage\":\"fr-FR\"},{\"@type\":\"Organization\",\"@id\":\"https:\\\/\\\/www.collectifetcie.fr\\\/#organization\",\"name\":\"collectif et compagnie\",\"url\":\"https:\\\/\\\/www.collectifetcie.fr\\\/\",\"logo\":{\"@type\":\"ImageObject\",\"inLanguage\":\"fr-FR\",\"@id\":\"https:\\\/\\\/www.collectifetcie.fr\\\/#\\\/schema\\\/logo\\\/image\\\/\",\"url\":\"https:\\\/\\\/www.collectifetcie.fr\\\/wp-content\\\/uploads\\\/2025\\\/09\\\/cropped-Bandeau-Site-04-09-25-OK.jpg\",\"contentUrl\":\"https:\\\/\\\/www.collectifetcie.fr\\\/wp-content\\\/uploads\\\/2025\\\/09\\\/cropped-Bandeau-Site-04-09-25-OK.jpg\",\"width\":1616,\"height\":234,\"caption\":\"collectif et compagnie\"},\"image\":{\"@id\":\"https:\\\/\\\/www.collectifetcie.fr\\\/#\\\/schema\\\/logo\\\/image\\\/\"}}]}<\/script>\n<!-- \/ Yoast SEO plugin. -->","yoast_head_json":{"title":"Qui sommes nous? - collectif et compagnie","robots":{"index":"index","follow":"follow","max-snippet":"max-snippet:-1","max-image-preview":"max-image-preview:large","max-video-preview":"max-video-preview:-1"},"canonical":"https:\/\/www.collectifetcie.fr\/index.php\/qui-sommes-nous\/","og_locale":"fr_FR","og_type":"article","og_title":"Qui sommes nous? - collectif et compagnie","og_description":"Structure d\u00e9di\u00e9e \u00e0 l&rsquo;accompagnement de projets artistiques, collectif&amp;compagnie soutient la singularit\u00e9 de chaque artiste en production, diffusion et communication et les conseille \u00e9galement pour d\u00e9velopper leurs activit\u00e9s artistiques et rechercher de nouveaux partenaires. Marion Lorius &gt; pr\u00e9sidente&nbsp;Mathieu Rollet &gt; tr\u00e9sorier Estelle Delorme&nbsp;&gt; co-directrice \/ Production &amp; Diffusion+ 33 (o)6 77 13 30 88&nbsp;&gt;&nbsp;estelle.delorme@collectifetcie.fr&nbsp; G\u00e9raldine Morier-Genoud&nbsp;&gt; [&hellip;]","og_url":"https:\/\/www.collectifetcie.fr\/index.php\/qui-sommes-nous\/","og_site_name":"collectif et compagnie","article_modified_time":"2026-01-12T17:17:56+00:00","twitter_card":"summary_large_image","twitter_misc":{"Dur\u00e9e de lecture estim\u00e9e":"1 minute"},"schema":{"@context":"https:\/\/schema.org","@graph":[{"@type":"WebPage","@id":"https:\/\/www.collectifetcie.fr\/index.php\/qui-sommes-nous\/","url":"https:\/\/www.collectifetcie.fr\/index.php\/qui-sommes-nous\/","name":"Qui sommes nous? - collectif et compagnie","isPartOf":{"@id":"https:\/\/www.collectifetcie.fr\/#website"},"datePublished":"2020-12-02T11:21:49+00:00","dateModified":"2026-01-12T17:17:56+00:00","breadcrumb":{"@id":"https:\/\/www.collectifetcie.fr\/index.php\/qui-sommes-nous\/#breadcrumb"},"inLanguage":"fr-FR","potentialAction":[{"@type":"ReadAction","target":["https:\/\/www.collectifetcie.fr\/index.php\/qui-sommes-nous\/"]}]},{"@type":"BreadcrumbList","@id":"https:\/\/www.collectifetcie.fr\/index.php\/qui-sommes-nous\/#breadcrumb","itemListElement":[{"@type":"ListItem","position":1,"name":"Accueil","item":"https:\/\/www.collectifetcie.fr\/"},{"@type":"ListItem","position":2,"name":"Qui sommes nous?"}]},{"@type":"WebSite","@id":"https:\/\/www.collectifetcie.fr\/#website","url":"https:\/\/www.collectifetcie.fr\/","name":"collectif et compagnie","description":"","publisher":{"@id":"https:\/\/www.collectifetcie.fr\/#organization"},"potentialAction":[{"@type":"SearchAction","target":{"@type":"EntryPoint","urlTemplate":"https:\/\/www.collectifetcie.fr\/?s={search_term_string}"},"query-input":{"@type":"PropertyValueSpecification","valueRequired":true,"valueName":"search_term_string"}}],"inLanguage":"fr-FR"},{"@type":"Organization","@id":"https:\/\/www.collectifetcie.fr\/#organization","name":"collectif et compagnie","url":"https:\/\/www.collectifetcie.fr\/","logo":{"@type":"ImageObject","inLanguage":"fr-FR","@id":"https:\/\/www.collectifetcie.fr\/#\/schema\/logo\/image\/","url":"https:\/\/www.collectifetcie.fr\/wp-content\/uploads\/2025\/09\/cropped-Bandeau-Site-04-09-25-OK.jpg","contentUrl":"https:\/\/www.collectifetcie.fr\/wp-content\/uploads\/2025\/09\/cropped-Bandeau-Site-04-09-25-OK.jpg","width":1616,"height":234,"caption":"collectif et compagnie"},"image":{"@id":"https:\/\/www.collectifetcie.fr\/#\/schema\/logo\/image\/"}}]}},"_links":{"self":[{"href":"https:\/\/www.collectifetcie.fr\/index.php\/wp-json\/wp\/v2\/pages\/46","targetHints":{"allow":["GET"]}}],"collection":[{"href":"https:\/\/www.collectifetcie.fr\/index.php\/wp-json\/wp\/v2\/pages"}],"about":[{"href":"https:\/\/www.collectifetcie.fr\/index.php\/wp-json\/wp\/v2\/types\/page"}],"author":[{"embeddable":true,"href":"https:\/\/www.collectifetcie.fr\/index.php\/wp-json\/wp\/v2\/users\/1"}],"replies":[{"embeddable":true,"href":"https:\/\/www.collectifetcie.fr\/index.php\/wp-json\/wp\/v2\/comments?post=46"}],"version-history":[{"count":28,"href":"https:\/\/www.collectifetcie.fr\/index.php\/wp-json\/wp\/v2\/pages\/46\/revisions"}],"predecessor-version":[{"id":6239,"href":"https:\/\/www.collectifetcie.fr\/index.php\/wp-json\/wp\/v2\/pages\/46\/revisions\/6239"}],"wp:attachment":[{"href":"https:\/\/www.collectifetcie.fr\/index.php\/wp-json\/wp\/v2\/media?parent=46"}],"curies":[{"name":"wp","href":"https:\/\/api.w.org\/{rel}","templated":true}]}}