{"id":3603,"date":"2023-12-22T10:59:37","date_gmt":"2023-12-22T09:59:37","guid":{"rendered":"https:\/\/www.collectifetcie.fr\/?page_id=3603"},"modified":"2025-10-28T17:01:19","modified_gmt":"2025-10-28T16:01:19","slug":"eddy-pallaro-latelier-des-fictions","status":"publish","type":"page","link":"https:\/\/www.collectifetcie.fr\/index.php\/les-artistes\/eddy-pallaro-latelier-des-fictions\/","title":{"rendered":"Eddy Pallaro > l&rsquo;Atelier des fictions"},"content":{"rendered":"\n<p class=\"has-normal-font-size\"><strong>Auteur et metteur en sc\u00e8ne<\/strong> <br>Apr\u00e8s une dizaine d\u2019ann\u00e9es consacr\u00e9es \u00e0 la pratique d\u2019acteur, Eddy Pallaro m\u00e8ne un travail d&rsquo;auteur. Il \u00e9crit plus d&rsquo;une vingtaine de spectacles pour le th\u00e9\u00e2tre, la marionnette, la danse, le cirque, l&rsquo;op\u00e9ra. Il a publi\u00e9 plusieurs pi\u00e8ces chez Actes Sud-Papiers, L&rsquo;\u00e9cole des loisirs, aux \u00e9ditions de L&rsquo;oeil, Lansman, Crater, dans la revue Parages. Certaines sont traduites en italien, publi\u00e9es en allemand et mises en onde \u00e0 la radio.<br>En 2016, il fonde L\u2019atelier des fictions et initie un travail de mise en sc\u00e8ne avec sa pi\u00e8ce <em><strong>Intimit\u00e9s<\/strong><\/em>, cr\u00e9\u00e9e au Studio- Th\u00e9\u00e2tre de Vitry en mai 2019. En f\u00e9vrier 2023, il cr\u00e9e <strong><em>L\u00e0, quelqu&rsquo;un<\/em><\/strong> \u00e0 la Sc\u00e8ne Nationale du Mans.<br>Il m\u00e8ne de nombreux ateliers en milieu scolaire, dans les conservatoires, les \u00e9coles de th\u00e9\u00e2tre et diff\u00e9rentes structures.<\/p>\n\n\n\n<div style=\"height:45px\" aria-hidden=\"true\" class=\"wp-block-spacer\"><\/div>\n\n\n\n<div class=\"wp-block-media-text alignwide is-stacked-on-mobile is-vertically-aligned-top\" style=\"grid-template-columns:29% auto\"><figure class=\"wp-block-media-text__media\"><img loading=\"lazy\" decoding=\"async\" width=\"300\" height=\"216\" src=\"https:\/\/www.collectifetcie.fr\/wp-content\/uploads\/2025\/02\/24S_6001-recadree-300X216-LaPudeurLatelierDesFictions\u00a9CarolineBigret-copie.jpg\" alt=\"\" class=\"wp-image-4816 size-full\"\/><\/figure><div class=\"wp-block-media-text__content\">\n<p class=\"has-text-align-left has-white-color has-text-color has-background\" style=\"background-color:#007c89;font-size:25px\"><strong>LA PUDEUR<\/strong><\/p>\n\n\n\n<p class=\"has-black-color has-text-color\" style=\"font-size:16px\"><strong>THEATRE<\/strong> > d\u00e8s 14 ans<\/p>\n\n\n\n<p class=\"has-black-color has-text-color has-background\" style=\"background-color:#bfd451;font-size:16px\"><strong>&gt; EN DIFFUSION 2025\/26<br>&gt; <\/strong>Cr\u00e9ation et diffusion saison 2024\/25 <strong> <\/strong><br><strong><a href=\"https:\/\/www.collectifetcie.fr\/index.php\/les-artistes\/eddy-pallaro-latelier-des-fictions\/la-pudeur\/\">en savoir +<\/a><\/strong><\/p>\n<\/div><\/div>\n\n\n\n<div style=\"height:41px\" aria-hidden=\"true\" class=\"wp-block-spacer\"><\/div>\n\n\n\n<div class=\"wp-block-media-text alignwide is-stacked-on-mobile is-vertically-aligned-top\" style=\"grid-template-columns:29% auto\"><figure class=\"wp-block-media-text__media\"><img loading=\"lazy\" decoding=\"async\" width=\"600\" height=\"517\" src=\"https:\/\/www.collectifetcie.fr\/wp-content\/uploads\/2023\/12\/LA-QUELQUUN-photo-3.jpg\" alt=\"\" class=\"wp-image-3638 size-full\" srcset=\"https:\/\/www.collectifetcie.fr\/wp-content\/uploads\/2023\/12\/LA-QUELQUUN-photo-3.jpg 600w, https:\/\/www.collectifetcie.fr\/wp-content\/uploads\/2023\/12\/LA-QUELQUUN-photo-3-300x259.jpg 300w\" sizes=\"auto, (max-width: 600px) 100vw, 600px\" \/><\/figure><div class=\"wp-block-media-text__content\">\n<p class=\"has-text-align-left has-white-color has-text-color has-background\" style=\"background-color:#007c89;font-size:25px\"><strong>LA QUELQU&rsquo;UN<\/strong><\/p>\n\n\n\n<p style=\"font-size:16px\"><meta charset=\"utf-8\"><strong>THEATRE     &gt;  d\u00e8s 9 ans<\/strong><\/p>\n\n\n\n<p class=\"has-black-color has-text-color has-background\" style=\"background-color:#bfd541;font-size:16px\"><strong>&gt; EN DIFFUSION 2025\/26<\/strong><br>&gt; Cr\u00e9ation saison 2022\/23 et diffusion saison 2023\/24<br><strong><a href=\"https:\/\/www.collectifetcie.fr\/index.php\/les-artistes\/eddy-pallaro-latelier-des-fictions\/la-quelquun\/\">en savoir +<\/a><\/strong><\/p>\n\n\n\n<div style=\"height:30px\" aria-hidden=\"true\" class=\"wp-block-spacer\"><\/div>\n<\/div><\/div>\n\n\n\n<div style=\"height:40px\" aria-hidden=\"true\" class=\"wp-block-spacer\"><\/div>\n\n\n\n<div style=\"height:41px\" aria-hidden=\"true\" class=\"wp-block-spacer\"><\/div>\n\n\n\n<p class=\"has-text-align-right has-text-color\" style=\"color:#a60b15;font-size:18px\"><strong>Site L&rsquo;Atelier des Fictions &#8211; Eddy Pallaro &gt; <\/strong><br>https:\/\/www.latelierdesfictions.com\/<\/p>\n\n\n\n<p><\/p>\n","protected":false},"excerpt":{"rendered":"<p>Auteur et metteur en sc\u00e8ne Apr\u00e8s une dizaine d\u2019ann\u00e9es consacr\u00e9es \u00e0 la pratique d\u2019acteur, Eddy Pallaro m\u00e8ne un travail d&rsquo;auteur. Il \u00e9crit plus d&rsquo;une vingtaine de spectacles pour le th\u00e9\u00e2tre, la marionnette, la danse, le cirque, l&rsquo;op\u00e9ra. Il a publi\u00e9 plusieurs pi\u00e8ces chez Actes Sud-Papiers, L&rsquo;\u00e9cole des loisirs, aux \u00e9ditions de L&rsquo;oeil, Lansman, Crater, dans [&hellip;]<\/p>\n","protected":false},"author":1,"featured_media":0,"parent":26,"menu_order":1,"comment_status":"closed","ping_status":"closed","template":"template-full.php","meta":{"footnotes":""},"class_list":["post-3603","page","type-page","status-publish","hentry"],"yoast_head":"<!-- This site is optimized with the Yoast SEO plugin v27.5 - https:\/\/yoast.com\/product\/yoast-seo-wordpress\/ -->\n<title>Eddy Pallaro &gt; l&#039;Atelier des fictions - collectif et compagnie<\/title>\n<meta name=\"description\" content=\"Biographie et spectacles de Jean Boillot, metteur en sc\u00e8ne, acteur et directeur artistique de la compagnie La Spirale\" \/>\n<meta name=\"robots\" content=\"index, follow, max-snippet:-1, max-image-preview:large, max-video-preview:-1\" \/>\n<link rel=\"canonical\" href=\"https:\/\/www.collectifetcie.fr\/index.php\/les-artistes\/eddy-pallaro-latelier-des-fictions\/\" \/>\n<meta property=\"og:locale\" content=\"fr_FR\" \/>\n<meta property=\"og:type\" content=\"article\" \/>\n<meta property=\"og:title\" content=\"Eddy Pallaro &gt; l&#039;Atelier des fictions - collectif et compagnie\" \/>\n<meta property=\"og:description\" content=\"Biographie et spectacles de Jean Boillot, metteur en sc\u00e8ne, acteur et directeur artistique de la compagnie La Spirale\" \/>\n<meta property=\"og:url\" content=\"https:\/\/www.collectifetcie.fr\/index.php\/les-artistes\/eddy-pallaro-latelier-des-fictions\/\" \/>\n<meta property=\"og:site_name\" content=\"collectif et compagnie\" \/>\n<meta property=\"article:modified_time\" content=\"2025-10-28T16:01:19+00:00\" \/>\n<meta property=\"og:image\" content=\"https:\/\/www.collectifetcie.fr\/wp-content\/uploads\/2023\/12\/LA-QUELQUUN-photo-3.jpg\" \/>\n<meta name=\"twitter:card\" content=\"summary_large_image\" \/>\n<meta name=\"twitter:label1\" content=\"Dur\u00e9e de lecture estim\u00e9e\" \/>\n\t<meta name=\"twitter:data1\" content=\"2 minutes\" \/>\n<script type=\"application\/ld+json\" class=\"yoast-schema-graph\">{\"@context\":\"https:\\\/\\\/schema.org\",\"@graph\":[{\"@type\":\"WebPage\",\"@id\":\"https:\\\/\\\/www.collectifetcie.fr\\\/index.php\\\/les-artistes\\\/eddy-pallaro-latelier-des-fictions\\\/\",\"url\":\"https:\\\/\\\/www.collectifetcie.fr\\\/index.php\\\/les-artistes\\\/eddy-pallaro-latelier-des-fictions\\\/\",\"name\":\"Eddy Pallaro > l'Atelier des fictions - collectif et compagnie\",\"isPartOf\":{\"@id\":\"https:\\\/\\\/www.collectifetcie.fr\\\/#website\"},\"primaryImageOfPage\":{\"@id\":\"https:\\\/\\\/www.collectifetcie.fr\\\/index.php\\\/les-artistes\\\/eddy-pallaro-latelier-des-fictions\\\/#primaryimage\"},\"image\":{\"@id\":\"https:\\\/\\\/www.collectifetcie.fr\\\/index.php\\\/les-artistes\\\/eddy-pallaro-latelier-des-fictions\\\/#primaryimage\"},\"thumbnailUrl\":\"https:\\\/\\\/www.collectifetcie.fr\\\/wp-content\\\/uploads\\\/2023\\\/12\\\/LA-QUELQUUN-photo-3.jpg\",\"datePublished\":\"2023-12-22T09:59:37+00:00\",\"dateModified\":\"2025-10-28T16:01:19+00:00\",\"description\":\"Biographie et spectacles de Jean Boillot, metteur en sc\u00e8ne, acteur et directeur artistique de la compagnie La Spirale\",\"breadcrumb\":{\"@id\":\"https:\\\/\\\/www.collectifetcie.fr\\\/index.php\\\/les-artistes\\\/eddy-pallaro-latelier-des-fictions\\\/#breadcrumb\"},\"inLanguage\":\"fr-FR\",\"potentialAction\":[{\"@type\":\"ReadAction\",\"target\":[\"https:\\\/\\\/www.collectifetcie.fr\\\/index.php\\\/les-artistes\\\/eddy-pallaro-latelier-des-fictions\\\/\"]}]},{\"@type\":\"ImageObject\",\"inLanguage\":\"fr-FR\",\"@id\":\"https:\\\/\\\/www.collectifetcie.fr\\\/index.php\\\/les-artistes\\\/eddy-pallaro-latelier-des-fictions\\\/#primaryimage\",\"url\":\"https:\\\/\\\/www.collectifetcie.fr\\\/wp-content\\\/uploads\\\/2023\\\/12\\\/LA-QUELQUUN-photo-3.jpg\",\"contentUrl\":\"https:\\\/\\\/www.collectifetcie.fr\\\/wp-content\\\/uploads\\\/2023\\\/12\\\/LA-QUELQUUN-photo-3.jpg\",\"width\":600,\"height\":517},{\"@type\":\"BreadcrumbList\",\"@id\":\"https:\\\/\\\/www.collectifetcie.fr\\\/index.php\\\/les-artistes\\\/eddy-pallaro-latelier-des-fictions\\\/#breadcrumb\",\"itemListElement\":[{\"@type\":\"ListItem\",\"position\":1,\"name\":\"Accueil\",\"item\":\"https:\\\/\\\/www.collectifetcie.fr\\\/\"},{\"@type\":\"ListItem\",\"position\":2,\"name\":\"Artistes et compagnies\",\"item\":\"https:\\\/\\\/www.collectifetcie.fr\\\/index.php\\\/les-artistes\\\/\"},{\"@type\":\"ListItem\",\"position\":3,\"name\":\"Eddy Pallaro > l&rsquo;Atelier des fictions\"}]},{\"@type\":\"WebSite\",\"@id\":\"https:\\\/\\\/www.collectifetcie.fr\\\/#website\",\"url\":\"https:\\\/\\\/www.collectifetcie.fr\\\/\",\"name\":\"collectif et compagnie\",\"description\":\"\",\"publisher\":{\"@id\":\"https:\\\/\\\/www.collectifetcie.fr\\\/#organization\"},\"potentialAction\":[{\"@type\":\"SearchAction\",\"target\":{\"@type\":\"EntryPoint\",\"urlTemplate\":\"https:\\\/\\\/www.collectifetcie.fr\\\/?s={search_term_string}\"},\"query-input\":{\"@type\":\"PropertyValueSpecification\",\"valueRequired\":true,\"valueName\":\"search_term_string\"}}],\"inLanguage\":\"fr-FR\"},{\"@type\":\"Organization\",\"@id\":\"https:\\\/\\\/www.collectifetcie.fr\\\/#organization\",\"name\":\"collectif et compagnie\",\"url\":\"https:\\\/\\\/www.collectifetcie.fr\\\/\",\"logo\":{\"@type\":\"ImageObject\",\"inLanguage\":\"fr-FR\",\"@id\":\"https:\\\/\\\/www.collectifetcie.fr\\\/#\\\/schema\\\/logo\\\/image\\\/\",\"url\":\"https:\\\/\\\/www.collectifetcie.fr\\\/wp-content\\\/uploads\\\/2025\\\/09\\\/cropped-Bandeau-Site-04-09-25-OK.jpg\",\"contentUrl\":\"https:\\\/\\\/www.collectifetcie.fr\\\/wp-content\\\/uploads\\\/2025\\\/09\\\/cropped-Bandeau-Site-04-09-25-OK.jpg\",\"width\":1616,\"height\":234,\"caption\":\"collectif et compagnie\"},\"image\":{\"@id\":\"https:\\\/\\\/www.collectifetcie.fr\\\/#\\\/schema\\\/logo\\\/image\\\/\"}}]}<\/script>\n<!-- \/ Yoast SEO plugin. -->","yoast_head_json":{"title":"Eddy Pallaro > l'Atelier des fictions - collectif et compagnie","description":"Biographie et spectacles de Jean Boillot, metteur en sc\u00e8ne, acteur et directeur artistique de la compagnie La Spirale","robots":{"index":"index","follow":"follow","max-snippet":"max-snippet:-1","max-image-preview":"max-image-preview:large","max-video-preview":"max-video-preview:-1"},"canonical":"https:\/\/www.collectifetcie.fr\/index.php\/les-artistes\/eddy-pallaro-latelier-des-fictions\/","og_locale":"fr_FR","og_type":"article","og_title":"Eddy Pallaro > l'Atelier des fictions - collectif et compagnie","og_description":"Biographie et spectacles de Jean Boillot, metteur en sc\u00e8ne, acteur et directeur artistique de la compagnie La Spirale","og_url":"https:\/\/www.collectifetcie.fr\/index.php\/les-artistes\/eddy-pallaro-latelier-des-fictions\/","og_site_name":"collectif et compagnie","article_modified_time":"2025-10-28T16:01:19+00:00","og_image":[{"url":"https:\/\/www.collectifetcie.fr\/wp-content\/uploads\/2023\/12\/LA-QUELQUUN-photo-3.jpg","type":"","width":"","height":""}],"twitter_card":"summary_large_image","twitter_misc":{"Dur\u00e9e de lecture estim\u00e9e":"2 minutes"},"schema":{"@context":"https:\/\/schema.org","@graph":[{"@type":"WebPage","@id":"https:\/\/www.collectifetcie.fr\/index.php\/les-artistes\/eddy-pallaro-latelier-des-fictions\/","url":"https:\/\/www.collectifetcie.fr\/index.php\/les-artistes\/eddy-pallaro-latelier-des-fictions\/","name":"Eddy Pallaro > l'Atelier des fictions - collectif et compagnie","isPartOf":{"@id":"https:\/\/www.collectifetcie.fr\/#website"},"primaryImageOfPage":{"@id":"https:\/\/www.collectifetcie.fr\/index.php\/les-artistes\/eddy-pallaro-latelier-des-fictions\/#primaryimage"},"image":{"@id":"https:\/\/www.collectifetcie.fr\/index.php\/les-artistes\/eddy-pallaro-latelier-des-fictions\/#primaryimage"},"thumbnailUrl":"https:\/\/www.collectifetcie.fr\/wp-content\/uploads\/2023\/12\/LA-QUELQUUN-photo-3.jpg","datePublished":"2023-12-22T09:59:37+00:00","dateModified":"2025-10-28T16:01:19+00:00","description":"Biographie et spectacles de Jean Boillot, metteur en sc\u00e8ne, acteur et directeur artistique de la compagnie La Spirale","breadcrumb":{"@id":"https:\/\/www.collectifetcie.fr\/index.php\/les-artistes\/eddy-pallaro-latelier-des-fictions\/#breadcrumb"},"inLanguage":"fr-FR","potentialAction":[{"@type":"ReadAction","target":["https:\/\/www.collectifetcie.fr\/index.php\/les-artistes\/eddy-pallaro-latelier-des-fictions\/"]}]},{"@type":"ImageObject","inLanguage":"fr-FR","@id":"https:\/\/www.collectifetcie.fr\/index.php\/les-artistes\/eddy-pallaro-latelier-des-fictions\/#primaryimage","url":"https:\/\/www.collectifetcie.fr\/wp-content\/uploads\/2023\/12\/LA-QUELQUUN-photo-3.jpg","contentUrl":"https:\/\/www.collectifetcie.fr\/wp-content\/uploads\/2023\/12\/LA-QUELQUUN-photo-3.jpg","width":600,"height":517},{"@type":"BreadcrumbList","@id":"https:\/\/www.collectifetcie.fr\/index.php\/les-artistes\/eddy-pallaro-latelier-des-fictions\/#breadcrumb","itemListElement":[{"@type":"ListItem","position":1,"name":"Accueil","item":"https:\/\/www.collectifetcie.fr\/"},{"@type":"ListItem","position":2,"name":"Artistes et compagnies","item":"https:\/\/www.collectifetcie.fr\/index.php\/les-artistes\/"},{"@type":"ListItem","position":3,"name":"Eddy Pallaro > l&rsquo;Atelier des fictions"}]},{"@type":"WebSite","@id":"https:\/\/www.collectifetcie.fr\/#website","url":"https:\/\/www.collectifetcie.fr\/","name":"collectif et compagnie","description":"","publisher":{"@id":"https:\/\/www.collectifetcie.fr\/#organization"},"potentialAction":[{"@type":"SearchAction","target":{"@type":"EntryPoint","urlTemplate":"https:\/\/www.collectifetcie.fr\/?s={search_term_string}"},"query-input":{"@type":"PropertyValueSpecification","valueRequired":true,"valueName":"search_term_string"}}],"inLanguage":"fr-FR"},{"@type":"Organization","@id":"https:\/\/www.collectifetcie.fr\/#organization","name":"collectif et compagnie","url":"https:\/\/www.collectifetcie.fr\/","logo":{"@type":"ImageObject","inLanguage":"fr-FR","@id":"https:\/\/www.collectifetcie.fr\/#\/schema\/logo\/image\/","url":"https:\/\/www.collectifetcie.fr\/wp-content\/uploads\/2025\/09\/cropped-Bandeau-Site-04-09-25-OK.jpg","contentUrl":"https:\/\/www.collectifetcie.fr\/wp-content\/uploads\/2025\/09\/cropped-Bandeau-Site-04-09-25-OK.jpg","width":1616,"height":234,"caption":"collectif et compagnie"},"image":{"@id":"https:\/\/www.collectifetcie.fr\/#\/schema\/logo\/image\/"}}]}},"_links":{"self":[{"href":"https:\/\/www.collectifetcie.fr\/index.php\/wp-json\/wp\/v2\/pages\/3603","targetHints":{"allow":["GET"]}}],"collection":[{"href":"https:\/\/www.collectifetcie.fr\/index.php\/wp-json\/wp\/v2\/pages"}],"about":[{"href":"https:\/\/www.collectifetcie.fr\/index.php\/wp-json\/wp\/v2\/types\/page"}],"author":[{"embeddable":true,"href":"https:\/\/www.collectifetcie.fr\/index.php\/wp-json\/wp\/v2\/users\/1"}],"replies":[{"embeddable":true,"href":"https:\/\/www.collectifetcie.fr\/index.php\/wp-json\/wp\/v2\/comments?post=3603"}],"version-history":[{"count":34,"href":"https:\/\/www.collectifetcie.fr\/index.php\/wp-json\/wp\/v2\/pages\/3603\/revisions"}],"predecessor-version":[{"id":6031,"href":"https:\/\/www.collectifetcie.fr\/index.php\/wp-json\/wp\/v2\/pages\/3603\/revisions\/6031"}],"up":[{"embeddable":true,"href":"https:\/\/www.collectifetcie.fr\/index.php\/wp-json\/wp\/v2\/pages\/26"}],"wp:attachment":[{"href":"https:\/\/www.collectifetcie.fr\/index.php\/wp-json\/wp\/v2\/media?parent=3603"}],"curies":[{"name":"wp","href":"https:\/\/api.w.org\/{rel}","templated":true}]}}