{"id":1264,"date":"2021-10-27T11:26:32","date_gmt":"2021-10-27T09:26:32","guid":{"rendered":"https:\/\/www.collectifetcie.fr\/?page_id=1264"},"modified":"2026-02-17T16:31:08","modified_gmt":"2026-02-17T15:31:08","slug":"la-religieuse","status":"publish","type":"page","link":"https:\/\/www.collectifetcie.fr\/index.php\/les-artistes\/anne-theron-productions-merlin\/la-religieuse\/","title":{"rendered":"LA RELIGIEUSE"},"content":{"rendered":"\n<div style=\"height:20px\" aria-hidden=\"true\" class=\"wp-block-spacer\"><\/div>\n\n\n\n<div class=\"wp-block-columns is-layout-flex wp-container-core-columns-is-layout-9d6595d7 wp-block-columns-is-layout-flex\">\n<div class=\"wp-block-column is-layout-flow wp-block-column-is-layout-flow\">\n<figure class=\"wp-block-image size-large\"><img loading=\"lazy\" decoding=\"async\" width=\"1024\" height=\"683\" src=\"https:\/\/www.collectifetcie.fr\/wp-content\/uploads\/2026\/02\/12.12.2025_La-Religieuse_Anne-Theron_MIXT\u00a9Margaux-Martins21-1024x683.jpg\" alt=\"\" class=\"wp-image-6318\" srcset=\"https:\/\/www.collectifetcie.fr\/wp-content\/uploads\/2026\/02\/12.12.2025_La-Religieuse_Anne-Theron_MIXT\u00a9Margaux-Martins21-1024x683.jpg 1024w, https:\/\/www.collectifetcie.fr\/wp-content\/uploads\/2026\/02\/12.12.2025_La-Religieuse_Anne-Theron_MIXT\u00a9Margaux-Martins21-300x200.jpg 300w, https:\/\/www.collectifetcie.fr\/wp-content\/uploads\/2026\/02\/12.12.2025_La-Religieuse_Anne-Theron_MIXT\u00a9Margaux-Martins21-768x512.jpg 768w, https:\/\/www.collectifetcie.fr\/wp-content\/uploads\/2026\/02\/12.12.2025_La-Religieuse_Anne-Theron_MIXT\u00a9Margaux-Martins21-1536x1024.jpg 1536w, https:\/\/www.collectifetcie.fr\/wp-content\/uploads\/2026\/02\/12.12.2025_La-Religieuse_Anne-Theron_MIXT\u00a9Margaux-Martins21-2048x1365.jpg 2048w\" sizes=\"auto, (max-width: 1024px) 100vw, 1024px\" \/><figcaption class=\"wp-element-caption\">\u00a9 Margaux Martin&rsquo;s<\/figcaption><\/figure>\n<\/div>\n\n\n\n<div class=\"wp-block-column is-layout-flow wp-block-column-is-layout-flow\">\n<figure class=\"wp-block-image size-large\"><img loading=\"lazy\" decoding=\"async\" width=\"1024\" height=\"683\" src=\"https:\/\/www.collectifetcie.fr\/wp-content\/uploads\/2025\/12\/12.12.2025_La-Religieuse_Anne-Theron_MIXT\u00a9Margaux-Martins107-1024x683.jpg\" alt=\"\" class=\"wp-image-6177\" srcset=\"https:\/\/www.collectifetcie.fr\/wp-content\/uploads\/2025\/12\/12.12.2025_La-Religieuse_Anne-Theron_MIXT\u00a9Margaux-Martins107-1024x683.jpg 1024w, https:\/\/www.collectifetcie.fr\/wp-content\/uploads\/2025\/12\/12.12.2025_La-Religieuse_Anne-Theron_MIXT\u00a9Margaux-Martins107-300x200.jpg 300w, https:\/\/www.collectifetcie.fr\/wp-content\/uploads\/2025\/12\/12.12.2025_La-Religieuse_Anne-Theron_MIXT\u00a9Margaux-Martins107-768x512.jpg 768w, https:\/\/www.collectifetcie.fr\/wp-content\/uploads\/2025\/12\/12.12.2025_La-Religieuse_Anne-Theron_MIXT\u00a9Margaux-Martins107-1536x1024.jpg 1536w, https:\/\/www.collectifetcie.fr\/wp-content\/uploads\/2025\/12\/12.12.2025_La-Religieuse_Anne-Theron_MIXT\u00a9Margaux-Martins107-2048x1365.jpg 2048w\" sizes=\"auto, (max-width: 1024px) 100vw, 1024px\" \/><figcaption class=\"wp-element-caption\">\u00a9Margaux Martin&rsquo;s<\/figcaption><\/figure>\n<\/div>\n\n\n\n<div class=\"wp-block-column is-layout-flow wp-block-column-is-layout-flow\">\n<figure class=\"wp-block-image size-large\"><img loading=\"lazy\" decoding=\"async\" width=\"1024\" height=\"615\" src=\"https:\/\/www.collectifetcie.fr\/wp-content\/uploads\/2024\/12\/PHOTO-LA-RELIGIEUSE-2-1024x615.jpg\" alt=\"\" class=\"wp-image-4529\" srcset=\"https:\/\/www.collectifetcie.fr\/wp-content\/uploads\/2024\/12\/PHOTO-LA-RELIGIEUSE-2-1024x615.jpg 1024w, https:\/\/www.collectifetcie.fr\/wp-content\/uploads\/2024\/12\/PHOTO-LA-RELIGIEUSE-2-300x180.jpg 300w, https:\/\/www.collectifetcie.fr\/wp-content\/uploads\/2024\/12\/PHOTO-LA-RELIGIEUSE-2-768x462.jpg 768w, https:\/\/www.collectifetcie.fr\/wp-content\/uploads\/2024\/12\/PHOTO-LA-RELIGIEUSE-2-1536x923.jpg 1536w, https:\/\/www.collectifetcie.fr\/wp-content\/uploads\/2024\/12\/PHOTO-LA-RELIGIEUSE-2.jpg 1644w\" sizes=\"auto, (max-width: 1024px) 100vw, 1024px\" \/><figcaption class=\"wp-element-caption\">\u00a9 Productions Merlin<\/figcaption><\/figure>\n<\/div>\n<\/div>\n\n\n\n<p class=\"has-text-align-center has-white-color has-text-color has-background has-medium-font-size\" style=\"background-color:#007c89\"><strong><strong><strong>g\u00e9n\u00e9rique \/ r\u00e9sum\u00e9 \/ presse \/ dossiers \/ calendrier <\/strong><\/strong><\/strong><\/p>\n\n\n\n<div class=\"wp-block-columns is-layout-flex wp-container-core-columns-is-layout-9d6595d7 wp-block-columns-is-layout-flex\">\n<div class=\"wp-block-column is-layout-flow wp-block-column-is-layout-flow\" style=\"font-size:15px\">\n<p class=\"has-background\" id=\"g\u00e9n\u00e9rique\" style=\"background-color:#bfd541;font-size:15px\">texte original <br><strong>Anne Th\u00e9ron<br><\/strong>librement adapt\u00e9 du roman-m\u00e9moires de <em>La Religieuse<\/em>, de Denis Diderot (1780)<br>m<strong>ise en sc\u00e8ne <\/strong><br>Anne Th\u00e9ron<br><strong>assistante <\/strong>Claire Schmitt<br><strong>sc\u00e9nographie, costumes <\/strong>Barbara Kraft<br><strong>lumi\u00e8res <\/strong>Beno\u00eet Th\u00e9ron<br><strong>cr\u00e9ation sonore <\/strong>Jos\u00e9 Barinaga et Jean-Baptiste Droulers<br><strong>accompagnement chor\u00e9graphique <\/strong>Sun Fang<br><br><strong>avec <\/strong><br>Marie-Laure Crochant<\/p>\n\n\n\n<p class=\"has-text-color has-link-color has-small-font-size wp-elements-b6814730f9ebd9dd900d9dd56e7ec421\" style=\"color:#007c89\"><strong>LA PRESSE<br><\/strong>MEDIAPART <a href=\"https:\/\/blogs.mediapart.fr\/jean-pierre-thibaudat\/blog\/060126\/anne-theron-retrouve-sa-formidable-religieuse\">blog<\/a> Jean-Pierre Thibaudat<br> <em><strong>\u00a0\u00bb Il y a plus de vingt ans, la mise en sc\u00e8ne de \u00ab La religieuse \u00bb de Diderot par Anne Th\u00e9ron avait fait sensation. Apr\u00e8s avoir mis en sc\u00e8ne bien des spectacles dont plusieurs pi\u00e8ces contemporaines, de Pauline Peyrade \u00e0 Fr\u00e9d\u00e9ric Vossier, dans une sc\u00e9nographie toujours aussi saisissante de Barbara Kraft, elle retrouve son interpr\u00e8te de \u00ab La religieuse \u00bb, l\u2019exceptionnelle Marie-Laure Crochant<\/strong><\/em><\/p>\n\n\n\n<p class=\"has-text-color has-link-color has-small-font-size wp-elements-7afd82f1ccde8d1bb7387f2802f0798b\" style=\"color:#007c89\">LIBERATION \u00ab\u00a0<strong><em>Passionnante interpr\u00e9tation<\/em>. <em>Une pure folie \u00ab\u00a0religieuse\u00a0\u00bb<\/em> <\/strong><br><br>LES INROCKS.FR \u00ab\u00a0<em><strong>Transformant le br\u00fblot anti religieux de Diderot en une ode d\u00e9di\u00e9e au combat des femmes pour leur libert\u00e9, Marie-Laure Crochant s\u2019impose en com\u00e9dienne d\u2019exception.<\/strong><\/em>\u00ab\u00a0<br><br>L&rsquo;EXPRESS <strong>\u00ab\u00a0<em>En adaptant&nbsp;La Religieuse&nbsp;de Diderot, Anne Th\u00e9ron aborde la question de l\u2019enfermement et du repli sur soi. En danse.&nbsp;Somptueux.<\/em>\u00ab\u00a0<\/strong><br><br><\/p>\n<\/div>\n\n\n\n<div class=\"wp-block-column is-layout-flow wp-block-column-is-layout-flow\" style=\"font-size:15px\">\n<p style=\"font-size:15px\"><strong>La Religieuse ou l&rsquo;histoire de&nbsp;Suzanne Simonin, b\u00e2tarde, envoy\u00e9e au couvent pour expier le p\u00e9ch\u00e9 de sa m\u00e8re.<\/strong><br>Punie d\u2019un \u00e9tat dont elle n\u2019est pas responsable, Suzanne est non seulement enferm\u00e9e dans un couvent, mais surtout dans une identit\u00e9 et son destin inexorable. C\u2019est peut-\u00eatre le pire, \u00eatre enferm\u00e9e \u00e0 l\u2019int\u00e9rieur d\u2019un autre soi-m\u00eame\u2026<br>L\u2019histoire de cet enfermement se passe \u00e0 la fin du 18<sup>e&nbsp;<\/sup>si\u00e8cle, au c\u0153ur de l\u2019institution religieuse. Elle r\u00e9sonne pourtant encore fortement aujourd\u2019hui.<br>Notre \u00e9poque a d\u00e9velopp\u00e9 ses propres modalit\u00e9s pour circonscrire ses ind\u00e9sirables mais le d\u00e9sespoir de ceux qui essaient de s\u2019\u00e9vader exprime la m\u00eame violence que celui du combat de Suzanne Simonin, deux si\u00e8cles auparavant.<br>Une cellule restera toujours une cellule, quel que soit le syst\u00e8me qui l\u2019a g\u00e9n\u00e9r\u00e9e. <\/p>\n\n\n\n<p class=\"has-text-color has-link-color wp-elements-60fd17d3b9b22ae5c8560bfc8467e212\" style=\"color:#007c89;font-size:13px\">LE FIGARO<strong> <\/strong>\u00ab\u00a0<em><strong>Fascinante transcription dramatique que donne Anne Th\u00e9ron et toute son \u00e9quipe artistique&#8230; l&rsquo;autre qui fascine et enchante, bouleverse, c&rsquo;est l&rsquo;interpr\u00e8te&#8230; Elle est exceptionnelle&#8230; L&rsquo;adaptation est remarquable, la direction d&rsquo;acteur tr\u00e8s puissante et Marie-Laure Crochant admirable<\/strong><\/em>.\u00a0\u00bb<br><br>LE QUOTIDIEN DU MEDECIN \u00ab\u00a0<em style=\"font-weight: bold;\">L&rsquo;adaptation du texte est forte, dense, serr\u00e9e. La mise en sc\u00e8ne, la mise en mouvement et en \u00e9motion, remarquables. L&rsquo;interpr\u00e8te d&rsquo;une audace \u00e9poustouflante. Tr\u00e8s original, tr\u00e8s fort. Rare.\u00a0\u00bb<\/em><br><\/p>\n<\/div>\n\n\n\n<div class=\"wp-block-column is-layout-flow wp-block-column-is-layout-flow\" style=\"font-size:15px\">\n<p class=\"has-black-color has-text-color has-background\" style=\"background-color:#bfd451;font-size:15px\"><strong>Production <\/strong>compagnie Les Productions Merlin<br><strong>Coproductions <\/strong>: Mixt &#8211; Nantes, Bonlieu Sc\u00e8ne nationale Annecy, Le Th\u00e9\u00e2tre, sc\u00e8ne nationale de Saint-Nazaire&nbsp;<br>La compagnie est conventionn\u00e9e par l\u2019\u00c9tat, Direction r\u00e9gionale des affaires culturelles (DRAC) en r\u00e9gion Nouvelle-Aquitaine.<br><\/p>\n\n\n\n<p class=\"has-text-color has-small-font-size\" style=\"color:#007c89\"><strong>DUREE 1H20<\/strong><br><br>LE MONDE \u00ab\u00a0<em><strong>Il y a d&rsquo;abord, dans ce spectacle, une id\u00e9e sc\u00e9nographique d&rsquo;une beaut\u00e9 et d&rsquo;une intelligence \u00e0 couper le souffle&#8230; Il y a aussi comme rarement au th\u00e9\u00e2tre, un remarquable travail sur le son&#8230; Et il y a, surtout, une com\u00e9dienne : Marie-Laure Crochant, une audace et un engagement \u00e9poustouflant<\/strong><\/em>s\u00a0\u00bb<br><br>LA CROIX \u00ab\u00a0<strong><em>En adaptant et mettant en sc\u00e8ne ce \u00ab classique \u00bb de la litt\u00e9rature, Anne Th\u00e9ron en propose une lecture plus juste et plus aigu\u00eb (que le film de Jacques Rivette)&#8230; Marie-Laure Crochant est l&rsquo;interpr\u00e8te bouleversante d&rsquo;un univers qui, loin des combats d&rsquo;arri\u00e8re garde&#8230; ram\u00e8ne \u00e0 \u00ab surveiller et punir \u00bb de Michel Foucault<\/em><\/strong>\u00ab\u00a0<br><br>LE JOURNAL DU DIMANCHE<br>\u00ab\u00a0<em style=\"font-weight: bold;\">Un choc visuel et \u00e9motionnel. \u00c0 en fr\u00e9mir<\/em>\u00ab\u00a0<br><br><br><\/p>\n\n\n\n<p class=\"has-text-color has-link-color has-small-font-size wp-elements-16eaf26acbbd2c96ab841a837999b2d4\" style=\"color:#007c89\"><\/p>\n<\/div>\n<\/div>\n\n\n\n<div class=\"wp-block-buttons is-horizontal is-content-justification-space-between is-layout-flex wp-container-core-buttons-is-layout-9262d1ff wp-block-buttons-is-layout-flex\">\n<div class=\"wp-block-button is-style-fill\"><a class=\"wp-block-button__link has-white-color has-text-color has-background wp-element-button\" href=\"https:\/\/www.collectifetcie.fr\/wp-content\/uploads\/2026\/01\/La-religieuse-DOSSIER-fr-1.pdf\" style=\"background-color:#bfd451\"><strong>Dossier de diffusion<\/strong><\/a><\/div>\n<\/div>\n\n\n\n<div style=\"height:11px\" aria-hidden=\"true\" class=\"wp-block-spacer\"><\/div>\n\n\n\n<p class=\"has-white-color has-text-color has-background has-medium-font-size\" style=\"background-color:#007c89\"><strong>DIFFUSION SAISON  2025\/26<\/strong><\/p>\n\n\n\n<p class=\"has-text-align-left\" style=\"font-size:14px\"><strong><a href=\"https:\/\/mixt.fr\/\">MIXT<\/a><\/strong>&#8211;&nbsp;Nantes (44)<br><strong>mardi 16 d\u00e9cembre<\/strong> 2025 \u00e0 20h00<br><strong>mercredi 17<\/strong> <strong>d\u00e9cembre<\/strong> 2025 \u00e0 20h00<br><strong>jeudi 18<\/strong> <strong>d\u00e9cembre<\/strong> 2025 \u00e0 20h00<br><strong>vendredi 19 d\u00e9cembre<\/strong> 2025 \u00e0 20h30<br><br><strong><a href=\"https:\/\/bonlieu-annecy.com\/\">Bonlieu SN<\/a> <\/strong>&#8211; Annecy (74)<br><strong>du mardi 13 janvier<\/strong> 2026 \u00e0 20h30<br><strong>mercredi 14<\/strong> <strong>janvier<\/strong> 2026 \u00e0 20h30<br><strong>jeudi 15<\/strong> <strong>janvier<\/strong> 2026 \u00e0 19h00<br><strong>vendredi 16 janvier<\/strong> 2026 \u00e0 20h30<br><br><strong><a href=\"https:\/\/www.letheatre-saintnazaire.fr\/\">Th\u00e9\u00e2tre de Saint Nazaire<\/a> <\/strong><br><strong>mardi 20 janvier<\/strong> 2026 \u00e0 20h00<br><strong>mercredi 21 janvier<\/strong> 2026 \u00e0 20h00<br><br><a href=\"https:\/\/www.lemoulinduroc.fr\/\"><strong>Le Moulin du Roc<\/strong> <\/a>&#8211; Niort (79)<br><strong>mercredi 28<\/strong> <strong>janvier<\/strong> 2026 \u00e0 20h30<br><strong>jeudi 29 janvier<\/strong> 2026 \u00e0 19h00<\/p>\n\n\n\n<p class=\"has-text-align-left\" style=\"font-size:14px\"><a href=\"https:\/\/www.theatre-coupedor.com\/\"><strong>Le Th\u00e9\u00e2tre de la Coupe d&rsquo;Or <\/strong><\/a>&#8211; Rochefort<br><strong>mardi 10 mars<\/strong> 2026 \u00e0 20h30<br><strong>mercredi 11 mars <\/strong>2026 \u00e0 19h30<br><\/p>\n\n\n\n<p style=\"font-size:14px\"><br><\/p>\n\n\n\n<div class=\"wp-block-columns is-layout-flex wp-container-core-columns-is-layout-9d6595d7 wp-block-columns-is-layout-flex\">\n<div class=\"wp-block-column is-layout-flow wp-block-column-is-layout-flow\"><\/div>\n\n\n\n<div class=\"wp-block-column is-layout-flow wp-block-column-is-layout-flow\"><\/div>\n<\/div>\n\n\n\n<p><\/p>\n","protected":false},"excerpt":{"rendered":"<p>g\u00e9n\u00e9rique \/ r\u00e9sum\u00e9 \/ presse \/ dossiers \/ calendrier texte original Anne Th\u00e9ronlibrement adapt\u00e9 du roman-m\u00e9moires de La Religieuse, de Denis Diderot (1780)mise en sc\u00e8ne Anne Th\u00e9ronassistante Claire Schmittsc\u00e9nographie, costumes Barbara Kraftlumi\u00e8res Beno\u00eet Th\u00e9roncr\u00e9ation sonore Jos\u00e9 Barinaga et Jean-Baptiste Droulersaccompagnement chor\u00e9graphique Sun Fang avec Marie-Laure Crochant LA PRESSEMEDIAPART blog Jean-Pierre Thibaudat \u00a0\u00bb Il y a [&hellip;]<\/p>\n","protected":false},"author":1,"featured_media":0,"parent":4414,"menu_order":2,"comment_status":"closed","ping_status":"closed","template":"template-full.php","meta":{"footnotes":""},"class_list":["post-1264","page","type-page","status-publish","hentry"],"yoast_head":"<!-- This site is optimized with the Yoast SEO plugin v27.4 - https:\/\/yoast.com\/product\/yoast-seo-wordpress\/ -->\n<title>LA RELIGIEUSE - collectif et compagnie<\/title>\n<meta name=\"robots\" content=\"index, follow, max-snippet:-1, max-image-preview:large, max-video-preview:-1\" \/>\n<link rel=\"canonical\" href=\"https:\/\/www.collectifetcie.fr\/index.php\/les-artistes\/anne-theron-productions-merlin\/la-religieuse\/\" \/>\n<meta property=\"og:locale\" content=\"fr_FR\" \/>\n<meta property=\"og:type\" content=\"article\" \/>\n<meta property=\"og:title\" content=\"LA RELIGIEUSE - collectif et compagnie\" \/>\n<meta property=\"og:description\" content=\"g\u00e9n\u00e9rique \/ r\u00e9sum\u00e9 \/ presse \/ dossiers \/ calendrier texte original Anne Th\u00e9ronlibrement adapt\u00e9 du roman-m\u00e9moires de La Religieuse, de Denis Diderot (1780)mise en sc\u00e8ne Anne Th\u00e9ronassistante Claire Schmittsc\u00e9nographie, costumes Barbara Kraftlumi\u00e8res Beno\u00eet Th\u00e9roncr\u00e9ation sonore Jos\u00e9 Barinaga et Jean-Baptiste Droulersaccompagnement chor\u00e9graphique Sun Fang avec Marie-Laure Crochant LA PRESSEMEDIAPART blog Jean-Pierre Thibaudat \u00a0\u00bb Il y a [&hellip;]\" \/>\n<meta property=\"og:url\" content=\"https:\/\/www.collectifetcie.fr\/index.php\/les-artistes\/anne-theron-productions-merlin\/la-religieuse\/\" \/>\n<meta property=\"og:site_name\" content=\"collectif et compagnie\" \/>\n<meta property=\"article:modified_time\" content=\"2026-02-17T15:31:08+00:00\" \/>\n<meta property=\"og:image\" content=\"https:\/\/www.collectifetcie.fr\/wp-content\/uploads\/2024\/12\/PHOTO-LA-RELIGIEUSE-2-1024x615.jpg\" \/>\n<meta name=\"twitter:card\" content=\"summary_large_image\" \/>\n<meta name=\"twitter:label1\" content=\"Dur\u00e9e de lecture estim\u00e9e\" \/>\n\t<meta name=\"twitter:data1\" content=\"3 minutes\" \/>\n<script type=\"application\/ld+json\" class=\"yoast-schema-graph\">{\"@context\":\"https:\\\/\\\/schema.org\",\"@graph\":[{\"@type\":\"WebPage\",\"@id\":\"https:\\\/\\\/www.collectifetcie.fr\\\/index.php\\\/les-artistes\\\/anne-theron-productions-merlin\\\/la-religieuse\\\/\",\"url\":\"https:\\\/\\\/www.collectifetcie.fr\\\/index.php\\\/les-artistes\\\/anne-theron-productions-merlin\\\/la-religieuse\\\/\",\"name\":\"LA RELIGIEUSE - collectif et compagnie\",\"isPartOf\":{\"@id\":\"https:\\\/\\\/www.collectifetcie.fr\\\/#website\"},\"primaryImageOfPage\":{\"@id\":\"https:\\\/\\\/www.collectifetcie.fr\\\/index.php\\\/les-artistes\\\/anne-theron-productions-merlin\\\/la-religieuse\\\/#primaryimage\"},\"image\":{\"@id\":\"https:\\\/\\\/www.collectifetcie.fr\\\/index.php\\\/les-artistes\\\/anne-theron-productions-merlin\\\/la-religieuse\\\/#primaryimage\"},\"thumbnailUrl\":\"https:\\\/\\\/www.collectifetcie.fr\\\/wp-content\\\/uploads\\\/2024\\\/12\\\/PHOTO-LA-RELIGIEUSE-2-1024x615.jpg\",\"datePublished\":\"2021-10-27T09:26:32+00:00\",\"dateModified\":\"2026-02-17T15:31:08+00:00\",\"breadcrumb\":{\"@id\":\"https:\\\/\\\/www.collectifetcie.fr\\\/index.php\\\/les-artistes\\\/anne-theron-productions-merlin\\\/la-religieuse\\\/#breadcrumb\"},\"inLanguage\":\"fr-FR\",\"potentialAction\":[{\"@type\":\"ReadAction\",\"target\":[\"https:\\\/\\\/www.collectifetcie.fr\\\/index.php\\\/les-artistes\\\/anne-theron-productions-merlin\\\/la-religieuse\\\/\"]}]},{\"@type\":\"ImageObject\",\"inLanguage\":\"fr-FR\",\"@id\":\"https:\\\/\\\/www.collectifetcie.fr\\\/index.php\\\/les-artistes\\\/anne-theron-productions-merlin\\\/la-religieuse\\\/#primaryimage\",\"url\":\"https:\\\/\\\/www.collectifetcie.fr\\\/wp-content\\\/uploads\\\/2024\\\/12\\\/PHOTO-LA-RELIGIEUSE-2.jpg\",\"contentUrl\":\"https:\\\/\\\/www.collectifetcie.fr\\\/wp-content\\\/uploads\\\/2024\\\/12\\\/PHOTO-LA-RELIGIEUSE-2.jpg\",\"width\":1644,\"height\":988},{\"@type\":\"BreadcrumbList\",\"@id\":\"https:\\\/\\\/www.collectifetcie.fr\\\/index.php\\\/les-artistes\\\/anne-theron-productions-merlin\\\/la-religieuse\\\/#breadcrumb\",\"itemListElement\":[{\"@type\":\"ListItem\",\"position\":1,\"name\":\"Accueil\",\"item\":\"https:\\\/\\\/www.collectifetcie.fr\\\/\"},{\"@type\":\"ListItem\",\"position\":2,\"name\":\"Artistes et compagnies\",\"item\":\"https:\\\/\\\/www.collectifetcie.fr\\\/index.php\\\/les-artistes\\\/\"},{\"@type\":\"ListItem\",\"position\":3,\"name\":\"Anne Theron > Productions Merlin\",\"item\":\"https:\\\/\\\/www.collectifetcie.fr\\\/index.php\\\/les-artistes\\\/anne-theron-productions-merlin\\\/\"},{\"@type\":\"ListItem\",\"position\":4,\"name\":\"LA RELIGIEUSE\"}]},{\"@type\":\"WebSite\",\"@id\":\"https:\\\/\\\/www.collectifetcie.fr\\\/#website\",\"url\":\"https:\\\/\\\/www.collectifetcie.fr\\\/\",\"name\":\"collectif et compagnie\",\"description\":\"\",\"publisher\":{\"@id\":\"https:\\\/\\\/www.collectifetcie.fr\\\/#organization\"},\"potentialAction\":[{\"@type\":\"SearchAction\",\"target\":{\"@type\":\"EntryPoint\",\"urlTemplate\":\"https:\\\/\\\/www.collectifetcie.fr\\\/?s={search_term_string}\"},\"query-input\":{\"@type\":\"PropertyValueSpecification\",\"valueRequired\":true,\"valueName\":\"search_term_string\"}}],\"inLanguage\":\"fr-FR\"},{\"@type\":\"Organization\",\"@id\":\"https:\\\/\\\/www.collectifetcie.fr\\\/#organization\",\"name\":\"collectif et compagnie\",\"url\":\"https:\\\/\\\/www.collectifetcie.fr\\\/\",\"logo\":{\"@type\":\"ImageObject\",\"inLanguage\":\"fr-FR\",\"@id\":\"https:\\\/\\\/www.collectifetcie.fr\\\/#\\\/schema\\\/logo\\\/image\\\/\",\"url\":\"https:\\\/\\\/www.collectifetcie.fr\\\/wp-content\\\/uploads\\\/2025\\\/09\\\/cropped-Bandeau-Site-04-09-25-OK.jpg\",\"contentUrl\":\"https:\\\/\\\/www.collectifetcie.fr\\\/wp-content\\\/uploads\\\/2025\\\/09\\\/cropped-Bandeau-Site-04-09-25-OK.jpg\",\"width\":1616,\"height\":234,\"caption\":\"collectif et compagnie\"},\"image\":{\"@id\":\"https:\\\/\\\/www.collectifetcie.fr\\\/#\\\/schema\\\/logo\\\/image\\\/\"}}]}<\/script>\n<!-- \/ Yoast SEO plugin. -->","yoast_head_json":{"title":"LA RELIGIEUSE - collectif et compagnie","robots":{"index":"index","follow":"follow","max-snippet":"max-snippet:-1","max-image-preview":"max-image-preview:large","max-video-preview":"max-video-preview:-1"},"canonical":"https:\/\/www.collectifetcie.fr\/index.php\/les-artistes\/anne-theron-productions-merlin\/la-religieuse\/","og_locale":"fr_FR","og_type":"article","og_title":"LA RELIGIEUSE - collectif et compagnie","og_description":"g\u00e9n\u00e9rique \/ r\u00e9sum\u00e9 \/ presse \/ dossiers \/ calendrier texte original Anne Th\u00e9ronlibrement adapt\u00e9 du roman-m\u00e9moires de La Religieuse, de Denis Diderot (1780)mise en sc\u00e8ne Anne Th\u00e9ronassistante Claire Schmittsc\u00e9nographie, costumes Barbara Kraftlumi\u00e8res Beno\u00eet Th\u00e9roncr\u00e9ation sonore Jos\u00e9 Barinaga et Jean-Baptiste Droulersaccompagnement chor\u00e9graphique Sun Fang avec Marie-Laure Crochant LA PRESSEMEDIAPART blog Jean-Pierre Thibaudat \u00a0\u00bb Il y a [&hellip;]","og_url":"https:\/\/www.collectifetcie.fr\/index.php\/les-artistes\/anne-theron-productions-merlin\/la-religieuse\/","og_site_name":"collectif et compagnie","article_modified_time":"2026-02-17T15:31:08+00:00","og_image":[{"url":"https:\/\/www.collectifetcie.fr\/wp-content\/uploads\/2024\/12\/PHOTO-LA-RELIGIEUSE-2-1024x615.jpg","type":"","width":"","height":""}],"twitter_card":"summary_large_image","twitter_misc":{"Dur\u00e9e de lecture estim\u00e9e":"3 minutes"},"schema":{"@context":"https:\/\/schema.org","@graph":[{"@type":"WebPage","@id":"https:\/\/www.collectifetcie.fr\/index.php\/les-artistes\/anne-theron-productions-merlin\/la-religieuse\/","url":"https:\/\/www.collectifetcie.fr\/index.php\/les-artistes\/anne-theron-productions-merlin\/la-religieuse\/","name":"LA RELIGIEUSE - collectif et compagnie","isPartOf":{"@id":"https:\/\/www.collectifetcie.fr\/#website"},"primaryImageOfPage":{"@id":"https:\/\/www.collectifetcie.fr\/index.php\/les-artistes\/anne-theron-productions-merlin\/la-religieuse\/#primaryimage"},"image":{"@id":"https:\/\/www.collectifetcie.fr\/index.php\/les-artistes\/anne-theron-productions-merlin\/la-religieuse\/#primaryimage"},"thumbnailUrl":"https:\/\/www.collectifetcie.fr\/wp-content\/uploads\/2024\/12\/PHOTO-LA-RELIGIEUSE-2-1024x615.jpg","datePublished":"2021-10-27T09:26:32+00:00","dateModified":"2026-02-17T15:31:08+00:00","breadcrumb":{"@id":"https:\/\/www.collectifetcie.fr\/index.php\/les-artistes\/anne-theron-productions-merlin\/la-religieuse\/#breadcrumb"},"inLanguage":"fr-FR","potentialAction":[{"@type":"ReadAction","target":["https:\/\/www.collectifetcie.fr\/index.php\/les-artistes\/anne-theron-productions-merlin\/la-religieuse\/"]}]},{"@type":"ImageObject","inLanguage":"fr-FR","@id":"https:\/\/www.collectifetcie.fr\/index.php\/les-artistes\/anne-theron-productions-merlin\/la-religieuse\/#primaryimage","url":"https:\/\/www.collectifetcie.fr\/wp-content\/uploads\/2024\/12\/PHOTO-LA-RELIGIEUSE-2.jpg","contentUrl":"https:\/\/www.collectifetcie.fr\/wp-content\/uploads\/2024\/12\/PHOTO-LA-RELIGIEUSE-2.jpg","width":1644,"height":988},{"@type":"BreadcrumbList","@id":"https:\/\/www.collectifetcie.fr\/index.php\/les-artistes\/anne-theron-productions-merlin\/la-religieuse\/#breadcrumb","itemListElement":[{"@type":"ListItem","position":1,"name":"Accueil","item":"https:\/\/www.collectifetcie.fr\/"},{"@type":"ListItem","position":2,"name":"Artistes et compagnies","item":"https:\/\/www.collectifetcie.fr\/index.php\/les-artistes\/"},{"@type":"ListItem","position":3,"name":"Anne Theron > Productions Merlin","item":"https:\/\/www.collectifetcie.fr\/index.php\/les-artistes\/anne-theron-productions-merlin\/"},{"@type":"ListItem","position":4,"name":"LA RELIGIEUSE"}]},{"@type":"WebSite","@id":"https:\/\/www.collectifetcie.fr\/#website","url":"https:\/\/www.collectifetcie.fr\/","name":"collectif et compagnie","description":"","publisher":{"@id":"https:\/\/www.collectifetcie.fr\/#organization"},"potentialAction":[{"@type":"SearchAction","target":{"@type":"EntryPoint","urlTemplate":"https:\/\/www.collectifetcie.fr\/?s={search_term_string}"},"query-input":{"@type":"PropertyValueSpecification","valueRequired":true,"valueName":"search_term_string"}}],"inLanguage":"fr-FR"},{"@type":"Organization","@id":"https:\/\/www.collectifetcie.fr\/#organization","name":"collectif et compagnie","url":"https:\/\/www.collectifetcie.fr\/","logo":{"@type":"ImageObject","inLanguage":"fr-FR","@id":"https:\/\/www.collectifetcie.fr\/#\/schema\/logo\/image\/","url":"https:\/\/www.collectifetcie.fr\/wp-content\/uploads\/2025\/09\/cropped-Bandeau-Site-04-09-25-OK.jpg","contentUrl":"https:\/\/www.collectifetcie.fr\/wp-content\/uploads\/2025\/09\/cropped-Bandeau-Site-04-09-25-OK.jpg","width":1616,"height":234,"caption":"collectif et compagnie"},"image":{"@id":"https:\/\/www.collectifetcie.fr\/#\/schema\/logo\/image\/"}}]}},"_links":{"self":[{"href":"https:\/\/www.collectifetcie.fr\/index.php\/wp-json\/wp\/v2\/pages\/1264","targetHints":{"allow":["GET"]}}],"collection":[{"href":"https:\/\/www.collectifetcie.fr\/index.php\/wp-json\/wp\/v2\/pages"}],"about":[{"href":"https:\/\/www.collectifetcie.fr\/index.php\/wp-json\/wp\/v2\/types\/page"}],"author":[{"embeddable":true,"href":"https:\/\/www.collectifetcie.fr\/index.php\/wp-json\/wp\/v2\/users\/1"}],"replies":[{"embeddable":true,"href":"https:\/\/www.collectifetcie.fr\/index.php\/wp-json\/wp\/v2\/comments?post=1264"}],"version-history":[{"count":117,"href":"https:\/\/www.collectifetcie.fr\/index.php\/wp-json\/wp\/v2\/pages\/1264\/revisions"}],"predecessor-version":[{"id":6320,"href":"https:\/\/www.collectifetcie.fr\/index.php\/wp-json\/wp\/v2\/pages\/1264\/revisions\/6320"}],"up":[{"embeddable":true,"href":"https:\/\/www.collectifetcie.fr\/index.php\/wp-json\/wp\/v2\/pages\/4414"}],"wp:attachment":[{"href":"https:\/\/www.collectifetcie.fr\/index.php\/wp-json\/wp\/v2\/media?parent=1264"}],"curies":[{"name":"wp","href":"https:\/\/api.w.org\/{rel}","templated":true}]}}